{"id":14016,"date":"2025-10-27T11:16:55","date_gmt":"2025-10-27T11:16:55","guid":{"rendered":"https:\/\/enlineabarcelona.com\/producto\/eames-plastic-side-chair-re-dsx\/"},"modified":"2025-10-27T11:17:07","modified_gmt":"2025-10-27T11:17:07","slug":"eames-plastic-side-chair-re-dsx","status":"publish","type":"product","link":"https:\/\/enlineabarcelona.com\/ca\/producto\/eames-plastic-side-chair-re-dsx\/","title":{"rendered":"Silla Eames Plastic RE DSX"},"content":{"rendered":"\n<p>La discreta silla DSX (Dining Height Side Chair X-Base) tiene una base de cuatro patas de acero tubular y una carcasa de forma org\u00e1nica fabricada con pl\u00e1stico posconsumo reciclado. La carcasa de asiento se presenta en varios colores y opciones de tapicer\u00eda, mientras que la base est\u00e1 disponible en versi\u00f3n cromada o con pintura al polvo, siendo esta \u00faltima ideal para terrazas y jardines. A partir de enero de 2024, las carcasas de las Eames Plastic Chairs de Vitra se fabrican en pl\u00e1stico posconsumo reciclado. El nombre de estas sillas es Eames Plastic Chairs RE. El material reciclado procede del sistema alem\u00e1n de recogida de residuos dom\u00e9sticos \u00abBolsa amarilla\u00bbYellow Bag\u00bb (Gelber Sack), que consiste fundamentalmente en envases usados. La utilizaci\u00f3n de este material reciclado en lugar del pl\u00e1stico convencional genera menos emisiones nocivas para el clima y reduce significativamente el consumo de energ\u00eda. Debido a la composici\u00f3n de los materiales reciclados, las versiones en diferentes colores de las carcasas presentan peque\u00f1as motas de pigmento. Coincidiendo con este cambio, se han actualizado tres variantes de color: Emerald RE sustituye al color verde Citron RE sustituye a sunlight Cotton white RE sustituye a blanco Junto a la nueva variante \u00abcotton white (RE)\u00bb, la versi\u00f3n actual en \u00abblanco\u00bb estar\u00e1 disponible hasta diciembre de 2024.<\/p>\n","protected":false},"excerpt":{"rendered":"<p>La discreta silla DSX (Dining Height Side Chair X-Base) tiene una base de cuatro patas de acero tubular y una carcasa de forma org\u00e1nica fabricada con pl\u00e1stico posconsumo reciclado. La carcasa de asiento se presenta en varios colores y opciones de tapicer\u00eda, mientras que la base est\u00e1 disponible en versi\u00f3n cromada o con pintura al &#8230; <a title=\"Silla Eames Plastic RE DSX\" class=\"read-more\" href=\"https:\/\/enlineabarcelona.com\/ca\/producto\/eames-plastic-side-chair-re-dsx\/\" aria-label=\"M\u00e9s informaci\u00f3 sobre Silla Eames Plastic RE DSX\">Llegiu m\u00e9s<\/a><\/p>\n","protected":false},"featured_media":8301,"comment_status":"closed","ping_status":"open","template":"","meta":{"_acf_changed":false},"product_cat":[251,284],"product_tag":[],"disenadores":[957],"marca":[26],"class_list":{"0":"post-14016","1":"product","2":"type-product","3":"status-publish","4":"has-post-thumbnail","6":"product_cat-exterior","7":"product_cat-sillas-exterior","8":"disenadores-charles-ray-eames","9":"marca-vitra","10":"sales-flash-overlay","11":"woocommerce-text-align-center","12":"woocommerce-image-align-center","13":"do-quantity-buttons","14":"wc-has-gallery","16":"first","17":"instock","18":"purchasable","19":"product-type-simple"},"acf":[],"_links":{"self":[{"href":"https:\/\/enlineabarcelona.com\/ca\/wp-json\/wp\/v2\/product\/14016","targetHints":{"allow":["GET"]}}],"collection":[{"href":"https:\/\/enlineabarcelona.com\/ca\/wp-json\/wp\/v2\/product"}],"about":[{"href":"https:\/\/enlineabarcelona.com\/ca\/wp-json\/wp\/v2\/types\/product"}],"replies":[{"embeddable":true,"href":"https:\/\/enlineabarcelona.com\/ca\/wp-json\/wp\/v2\/comments?post=14016"}],"wp:featuredmedia":[{"embeddable":true,"href":"https:\/\/enlineabarcelona.com\/ca\/wp-json\/wp\/v2\/media\/8301"}],"wp:attachment":[{"href":"https:\/\/enlineabarcelona.com\/ca\/wp-json\/wp\/v2\/media?parent=14016"}],"wp:term":[{"taxonomy":"product_cat","embeddable":true,"href":"https:\/\/enlineabarcelona.com\/ca\/wp-json\/wp\/v2\/product_cat?post=14016"},{"taxonomy":"product_tag","embeddable":true,"href":"https:\/\/enlineabarcelona.com\/ca\/wp-json\/wp\/v2\/product_tag?post=14016"},{"taxonomy":"disenadores","embeddable":true,"href":"https:\/\/enlineabarcelona.com\/ca\/wp-json\/wp\/v2\/disenadores?post=14016"},{"taxonomy":"marca","embeddable":true,"href":"https:\/\/enlineabarcelona.com\/ca\/wp-json\/wp\/v2\/marca?post=14016"}],"curies":[{"name":"wp","href":"https:\/\/api.w.org\/{rel}","templated":true}]}}

<p>La discreta silla DSX (Dining Height Side Chair X-Base) tiene una base de cuatro patas de acero tubular y una carcasa de forma orgánica fabricada con plástico posconsumo reciclado. La carcasa de asiento se presenta en varios colores y opciones de tapicería, mientras que la base está disponible en versión cromada o con pintura al polvo, siendo esta última ideal para terrazas y jardines. A partir de enero de 2024, las carcasas de las Eames Plastic Chairs de Vitra se fabrican en plástico posconsumo reciclado. El nombre de estas sillas es Eames Plastic Chairs RE. El material reciclado procede del sistema alemán de recogida de residuos domésticos «Bolsa amarilla»Yellow Bag» (Gelber Sack), que consiste fundamentalmente en envases usados. La utilización de este material reciclado en lugar del plástico convencional genera menos emisiones nocivas para el clima y reduce significativamente el consumo de energía. Debido a la composición de los materiales reciclados, las versiones en diferentes colores de las carcasas presentan pequeñas motas de pigmento. Coincidiendo con este cambio, se han actualizado tres variantes de color: Emerald RE sustituye al color verde Citron RE sustituye a sunlight Cotton white RE sustituye a blanco Junto a la nueva variante «cotton white (RE)», la versión actual en «blanco» estará disponible hasta diciembre de 2024.</p>

<p>La discreta silla DSX (Dining Height Side Chair X-Base) tiene una base de cuatro patas de acero tubular y una carcasa de forma orgánica fabricada con plástico posconsumo reciclado. La carcasa de asiento se presenta en varios colores y opciones de tapicería, mientras que la base está disponible en versión cromada o con pintura al &#8230; <a title="Silla Eames Plastic RE DSX" class="read-more" href="https://enlineabarcelona.com/ca/producto/eames-plastic-side-chair-re-dsx/" aria-label="Més informació sobre Silla Eames Plastic RE DSX">Llegiu més</a></p>
