{"id":14046,"date":"2025-10-27T11:17:32","date_gmt":"2025-10-27T11:17:32","guid":{"rendered":"https:\/\/enlineabarcelona.com\/producto\/adda-sofa\/"},"modified":"2026-02-23T12:46:24","modified_gmt":"2026-02-23T12:46:24","slug":"adda-sofa","status":"publish","type":"product","link":"https:\/\/enlineabarcelona.com\/ca\/producto\/adda-sofa\/","title":{"rendered":"Sof\u00e1 Adda"},"content":{"rendered":"\n<p>El sof\u00e1 Adda se caracteriza por una est\u00e9tica esencial y contempor\u00e1nea. Tiene una estructura ligera y cojines con generoso acolchado de plum\u00f3n de ganso, caracterizados por un perfil que enfatiza las formas suaves y acogedoras. El sof\u00e1 Adda se eleva del suelo sobre una base met\u00e1lica, tapizada en piel o tela, mientras que los pies quedan a la vista en aluminio fundido a presi\u00f3n y revelan un estilo amable pero decididamente contempor\u00e1neo. Los blandos cojines de los reposabrazos y del respaldo se insertan en la base mediante un sencillo y eficaz sistema de bayoneta. Los cojines est\u00e1n surcados por una original costura longitudinal que produce una ligera ondulaci\u00f3n en la superficie de la funda \u2013que puede ser de tela o de piel\u2013 y que, adem\u00e1s de destacar el pliegue natural que se crea en el acto de inclinarse, da un rasgo distintivo al sof\u00e1.<\/p>\n","protected":false},"excerpt":{"rendered":"<p>El sof\u00e1 Adda se caracteriza por una est\u00e9tica esencial y contempor\u00e1nea. Tiene una estructura ligera y cojines con generoso acolchado de plum\u00f3n de ganso, caracterizados por un perfil que enfatiza las formas suaves y acogedoras. El sof\u00e1 Adda se eleva del suelo sobre una base met\u00e1lica, tapizada en piel o tela, mientras que los pies &#8230; <a title=\"Sof\u00e1 Adda\" class=\"read-more\" href=\"https:\/\/enlineabarcelona.com\/ca\/producto\/adda-sofa\/\" aria-label=\"M\u00e9s informaci\u00f3 sobre Sof\u00e1 Adda\">Llegiu m\u00e9s<\/a><\/p>\n","protected":false},"featured_media":8895,"comment_status":"closed","ping_status":"open","template":"","meta":{"_acf_changed":false},"product_cat":[298,1147],"product_tag":[],"disenadores":[884],"marca":[],"class_list":{"0":"post-14046","1":"product","2":"type-product","3":"status-publish","4":"has-post-thumbnail","6":"product_cat-mobiliario","7":"product_cat-sofas","8":"disenadores-antonio-citterio","9":"sales-flash-overlay","10":"woocommerce-text-align-center","11":"woocommerce-image-align-center","12":"do-quantity-buttons","13":"wc-has-gallery","15":"first","16":"instock","17":"purchasable","18":"product-type-simple"},"acf":[],"_links":{"self":[{"href":"https:\/\/enlineabarcelona.com\/ca\/wp-json\/wp\/v2\/product\/14046","targetHints":{"allow":["GET"]}}],"collection":[{"href":"https:\/\/enlineabarcelona.com\/ca\/wp-json\/wp\/v2\/product"}],"about":[{"href":"https:\/\/enlineabarcelona.com\/ca\/wp-json\/wp\/v2\/types\/product"}],"replies":[{"embeddable":true,"href":"https:\/\/enlineabarcelona.com\/ca\/wp-json\/wp\/v2\/comments?post=14046"}],"wp:featuredmedia":[{"embeddable":true,"href":"https:\/\/enlineabarcelona.com\/ca\/wp-json\/wp\/v2\/media\/8895"}],"wp:attachment":[{"href":"https:\/\/enlineabarcelona.com\/ca\/wp-json\/wp\/v2\/media?parent=14046"}],"wp:term":[{"taxonomy":"product_cat","embeddable":true,"href":"https:\/\/enlineabarcelona.com\/ca\/wp-json\/wp\/v2\/product_cat?post=14046"},{"taxonomy":"product_tag","embeddable":true,"href":"https:\/\/enlineabarcelona.com\/ca\/wp-json\/wp\/v2\/product_tag?post=14046"},{"taxonomy":"disenadores","embeddable":true,"href":"https:\/\/enlineabarcelona.com\/ca\/wp-json\/wp\/v2\/disenadores?post=14046"},{"taxonomy":"marca","embeddable":true,"href":"https:\/\/enlineabarcelona.com\/ca\/wp-json\/wp\/v2\/marca?post=14046"}],"curies":[{"name":"wp","href":"https:\/\/api.w.org\/{rel}","templated":true}]}}

Sofá Adda

<p>El sofá Adda se caracteriza por una estética esencial y contemporánea. Tiene una estructura ligera y cojines con generoso acolchado de plumón de ganso, caracterizados por un perfil que enfatiza las formas suaves y acogedoras. El sofá Adda se eleva del suelo sobre una base metálica, tapizada en piel o tela, mientras que los pies quedan a la vista en aluminio fundido a presión y revelan un estilo amable pero decididamente contemporáneo. Los blandos cojines de los reposabrazos y del respaldo se insertan en la base mediante un sencillo y eficaz sistema de bayoneta. Los cojines están surcados por una original costura longitudinal que produce una ligera ondulación en la superficie de la funda –que puede ser de tela o de piel– y que, además de destacar el pliegue natural que se crea en el acto de inclinarse, da un rasgo distintivo al sofá.</p>

<p>El sofá Adda se caracteriza por una estética esencial y contemporánea. Tiene una estructura ligera y cojines con generoso acolchado de plumón de ganso, caracterizados por un perfil que enfatiza las formas suaves y acogedoras. El sofá Adda se eleva del suelo sobre una base metálica, tapizada en piel o tela, mientras que los pies &#8230; <a title="Sofá Adda" class="read-more" href="https://enlineabarcelona.com/ca/producto/adda-sofa/" aria-label="Més informació sobre Sofá Adda">Llegiu més</a></p>
