{"id":14078,"date":"2025-10-27T11:17:47","date_gmt":"2025-10-27T11:17:47","guid":{"rendered":"https:\/\/enlineabarcelona.com\/producto\/escritorio-pavilion-av17\/"},"modified":"2025-10-27T11:18:02","modified_gmt":"2025-10-27T11:18:02","slug":"escritorio-pavilion-av17","status":"publish","type":"product","link":"https:\/\/enlineabarcelona.com\/ca\/producto\/escritorio-pavilion-av17\/","title":{"rendered":"Escritorio Pavilion AV17"},"content":{"rendered":"\n<p>Cuando Anderssen &amp; Voll crearon su serie de sillas Pavilion, el d\u00fao galardonado tom\u00f3 sus referencias de dise\u00f1o del ic\u00f3nico Pabell\u00f3n Langelinie. Ahora, esta est\u00e9tica ligera y l\u00edrica ha sido traducida a un escritorio compacto dise\u00f1ado para adaptarse tanto a espacios de oficina como de hogar. Dise\u00f1ado al inicio de la pandemia, el escritorio Pavilion tuvo en cuenta las exigencias del trabajo desde casa con una versi\u00f3n que incluye un panel trasero.<\/p>\n","protected":false},"excerpt":{"rendered":"<p>Cuando Anderssen &amp; Voll crearon su serie de sillas Pavilion, el d\u00fao galardonado tom\u00f3 sus referencias de dise\u00f1o del ic\u00f3nico Pabell\u00f3n Langelinie. Ahora, esta est\u00e9tica ligera y l\u00edrica ha sido traducida a un escritorio compacto dise\u00f1ado para adaptarse tanto a espacios de oficina como de hogar. Dise\u00f1ado al inicio de la pandemia, el escritorio Pavilion &#8230; <a title=\"Escritorio Pavilion AV17\" class=\"read-more\" href=\"https:\/\/enlineabarcelona.com\/ca\/producto\/escritorio-pavilion-av17\/\" aria-label=\"M\u00e9s informaci\u00f3 sobre Escritorio Pavilion AV17\">Llegiu m\u00e9s<\/a><\/p>\n","protected":false},"featured_media":9428,"comment_status":"closed","ping_status":"open","template":"","meta":{"_acf_changed":false},"product_cat":[1165,1166],"product_tag":[],"disenadores":[812],"marca":[1152],"class_list":{"0":"post-14078","1":"product","2":"type-product","3":"status-publish","4":"has-post-thumbnail","6":"product_cat-home-officemobiliario","7":"product_cat-mesas","8":"disenadores-anderssen-vol","9":"marca-andtradition","10":"sales-flash-overlay","11":"woocommerce-text-align-center","12":"woocommerce-image-align-center","13":"do-quantity-buttons","14":"wc-has-gallery","16":"first","17":"instock","18":"purchasable","19":"product-type-simple"},"acf":[],"_links":{"self":[{"href":"https:\/\/enlineabarcelona.com\/ca\/wp-json\/wp\/v2\/product\/14078","targetHints":{"allow":["GET"]}}],"collection":[{"href":"https:\/\/enlineabarcelona.com\/ca\/wp-json\/wp\/v2\/product"}],"about":[{"href":"https:\/\/enlineabarcelona.com\/ca\/wp-json\/wp\/v2\/types\/product"}],"replies":[{"embeddable":true,"href":"https:\/\/enlineabarcelona.com\/ca\/wp-json\/wp\/v2\/comments?post=14078"}],"wp:featuredmedia":[{"embeddable":true,"href":"https:\/\/enlineabarcelona.com\/ca\/wp-json\/wp\/v2\/media\/9428"}],"wp:attachment":[{"href":"https:\/\/enlineabarcelona.com\/ca\/wp-json\/wp\/v2\/media?parent=14078"}],"wp:term":[{"taxonomy":"product_cat","embeddable":true,"href":"https:\/\/enlineabarcelona.com\/ca\/wp-json\/wp\/v2\/product_cat?post=14078"},{"taxonomy":"product_tag","embeddable":true,"href":"https:\/\/enlineabarcelona.com\/ca\/wp-json\/wp\/v2\/product_tag?post=14078"},{"taxonomy":"disenadores","embeddable":true,"href":"https:\/\/enlineabarcelona.com\/ca\/wp-json\/wp\/v2\/disenadores?post=14078"},{"taxonomy":"marca","embeddable":true,"href":"https:\/\/enlineabarcelona.com\/ca\/wp-json\/wp\/v2\/marca?post=14078"}],"curies":[{"name":"wp","href":"https:\/\/api.w.org\/{rel}","templated":true}]}}

<p>Cuando Anderssen &amp; Voll crearon su serie de sillas Pavilion, el dúo galardonado tomó sus referencias de diseño del icónico Pabellón Langelinie. Ahora, esta estética ligera y lírica ha sido traducida a un escritorio compacto diseñado para adaptarse tanto a espacios de oficina como de hogar. Diseñado al inicio de la pandemia, el escritorio Pavilion tuvo en cuenta las exigencias del trabajo desde casa con una versión que incluye un panel trasero.</p>

<p>Cuando Anderssen &amp; Voll crearon su serie de sillas Pavilion, el dúo galardonado tomó sus referencias de diseño del icónico Pabellón Langelinie. Ahora, esta estética ligera y lírica ha sido traducida a un escritorio compacto diseñado para adaptarse tanto a espacios de oficina como de hogar. Diseñado al inicio de la pandemia, el escritorio Pavilion &#8230; <a title="Escritorio Pavilion AV17" class="read-more" href="https://enlineabarcelona.com/ca/producto/escritorio-pavilion-av17/" aria-label="Més informació sobre Escritorio Pavilion AV17">Llegiu més</a></p>
