{"id":14088,"date":"2025-10-27T11:18:05","date_gmt":"2025-10-27T11:18:05","guid":{"rendered":"https:\/\/enlineabarcelona.com\/producto\/sillon-wassily-edicion-bauhaus-nuevos-colores\/"},"modified":"2025-10-27T11:18:11","modified_gmt":"2025-10-27T11:18:11","slug":"sillon-wassily-edicion-bauhaus-nuevos-colores","status":"publish","type":"product","link":"https:\/\/enlineabarcelona.com\/ca\/producto\/sillon-wassily-edicion-bauhaus-nuevos-colores\/","title":{"rendered":"Sill\u00f3n Wassily &#8211; Edici\u00f3n Bauhaus &#8211; Nuevos Colores"},"content":{"rendered":"\n<p>En 1925, Marcel Breuer era un aprendiz en la Bauhaus cuando redujo la cl\u00e1sica silla club a sus l\u00edneas elementales, alterando para siempre el futuro del dise\u00f1o de muebles. Se inspir\u00f3 para trabajar con acero tubular despu\u00e9s de escuchar que este material se &#8220;doblaba como macarrones&#8221; para hacer cuadros de bicicleta. &#8220;Estaba muy interesado en la transparencia de la forma&#8221;, dijo Breuer, quien, al reconocer el potencial de este material ligero, resistente y maleable, supo que pod\u00eda crear los muebles que imaginaba. Un prototipo temprano intrig\u00f3 a su colega Wassily Kandinsky, quien dio nombre a la silla.<\/p>\n\n\n\n<p><\/p>\n","protected":false},"excerpt":{"rendered":"<p>En 1925, Marcel Breuer era un aprendiz en la Bauhaus cuando redujo la cl\u00e1sica silla club a sus l\u00edneas elementales, alterando para siempre el futuro del dise\u00f1o de muebles. Se inspir\u00f3 para trabajar con acero tubular despu\u00e9s de escuchar que este material se &#8220;doblaba como macarrones&#8221; para hacer cuadros de bicicleta. &#8220;Estaba muy interesado en &#8230; <a title=\"Sill\u00f3n Wassily &#8211; Edici\u00f3n Bauhaus &#8211; Nuevos Colores\" class=\"read-more\" href=\"https:\/\/enlineabarcelona.com\/ca\/producto\/sillon-wassily-edicion-bauhaus-nuevos-colores\/\" aria-label=\"M\u00e9s informaci\u00f3 sobre Sill\u00f3n Wassily &#8211; Edici\u00f3n Bauhaus &#8211; Nuevos Colores\">Llegiu m\u00e9s<\/a><\/p>\n","protected":false},"featured_media":9576,"comment_status":"closed","ping_status":"open","template":"","meta":{"_acf_changed":false},"product_cat":[1145,298],"product_tag":[],"disenadores":[928],"marca":[72],"class_list":{"0":"post-14088","1":"product","2":"type-product","3":"status-publish","4":"has-post-thumbnail","6":"product_cat-butacas","7":"product_cat-mobiliario","8":"disenadores-marcel-breuer","9":"marca-knoll","10":"sales-flash-overlay","11":"woocommerce-text-align-center","12":"woocommerce-image-align-center","13":"do-quantity-buttons","14":"wc-has-gallery","16":"first","17":"instock","18":"purchasable","19":"product-type-simple"},"acf":[],"_links":{"self":[{"href":"https:\/\/enlineabarcelona.com\/ca\/wp-json\/wp\/v2\/product\/14088","targetHints":{"allow":["GET"]}}],"collection":[{"href":"https:\/\/enlineabarcelona.com\/ca\/wp-json\/wp\/v2\/product"}],"about":[{"href":"https:\/\/enlineabarcelona.com\/ca\/wp-json\/wp\/v2\/types\/product"}],"replies":[{"embeddable":true,"href":"https:\/\/enlineabarcelona.com\/ca\/wp-json\/wp\/v2\/comments?post=14088"}],"wp:featuredmedia":[{"embeddable":true,"href":"https:\/\/enlineabarcelona.com\/ca\/wp-json\/wp\/v2\/media\/9576"}],"wp:attachment":[{"href":"https:\/\/enlineabarcelona.com\/ca\/wp-json\/wp\/v2\/media?parent=14088"}],"wp:term":[{"taxonomy":"product_cat","embeddable":true,"href":"https:\/\/enlineabarcelona.com\/ca\/wp-json\/wp\/v2\/product_cat?post=14088"},{"taxonomy":"product_tag","embeddable":true,"href":"https:\/\/enlineabarcelona.com\/ca\/wp-json\/wp\/v2\/product_tag?post=14088"},{"taxonomy":"disenadores","embeddable":true,"href":"https:\/\/enlineabarcelona.com\/ca\/wp-json\/wp\/v2\/disenadores?post=14088"},{"taxonomy":"marca","embeddable":true,"href":"https:\/\/enlineabarcelona.com\/ca\/wp-json\/wp\/v2\/marca?post=14088"}],"curies":[{"name":"wp","href":"https:\/\/api.w.org\/{rel}","templated":true}]}}

Sillón Wassily &#8211; Edición Bauhaus &#8211; Nuevos Colores

<p>En 1925, Marcel Breuer era un aprendiz en la Bauhaus cuando redujo la clásica silla club a sus líneas elementales, alterando para siempre el futuro del diseño de muebles. Se inspiró para trabajar con acero tubular después de escuchar que este material se &#8220;doblaba como macarrones&#8221; para hacer cuadros de bicicleta. &#8220;Estaba muy interesado en la transparencia de la forma&#8221;, dijo Breuer, quien, al reconocer el potencial de este material ligero, resistente y maleable, supo que podía crear los muebles que imaginaba. Un prototipo temprano intrigó a su colega Wassily Kandinsky, quien dio nombre a la silla.</p>



<p></p>

<p>En 1925, Marcel Breuer era un aprendiz en la Bauhaus cuando redujo la clásica silla club a sus líneas elementales, alterando para siempre el futuro del diseño de muebles. Se inspiró para trabajar con acero tubular después de escuchar que este material se &#8220;doblaba como macarrones&#8221; para hacer cuadros de bicicleta. &#8220;Estaba muy interesado en &#8230; <a title="Sillón Wassily &#8211; Edición Bauhaus &#8211; Nuevos Colores" class="read-more" href="https://enlineabarcelona.com/ca/producto/sillon-wassily-edicion-bauhaus-nuevos-colores/" aria-label="Més informació sobre Sillón Wassily &#8211; Edición Bauhaus &#8211; Nuevos Colores">Llegiu més</a></p>
