{"id":14132,"date":"2025-10-27T11:18:39","date_gmt":"2025-10-27T11:18:39","guid":{"rendered":"https:\/\/enlineabarcelona.com\/producto\/sofa-anagram\/"},"modified":"2025-10-27T11:18:48","modified_gmt":"2025-10-27T11:18:48","slug":"sofa-anagram","status":"publish","type":"product","link":"https:\/\/enlineabarcelona.com\/ca\/producto\/sofa-anagram\/","title":{"rendered":"Sof\u00e1 Anagram"},"content":{"rendered":"\n<p>Anagram es m\u00e1s que un simple sof\u00e1: es una familia compuesta por diversos m\u00f3dulos y elementos que se pueden utilizar para dar una respuesta r\u00e1pida tanto a las necesidades del momento como a los grandes cambios de la vida.<br><\/p>\n\n\n\n<p>\u00abAnagram hace honor a su nombre: puedes reorganizar continuamente los componentes individuales para crear diferentes historias y situaciones\u00bb.<br><\/p>\n\n\n\n<p>Anagram se adapta al d\u00eda a d\u00eda: los m\u00f3dulos de la plataforma est\u00e1n dise\u00f1ados a modo de islas que se pueden combinar con otros m\u00f3dulos por los cuatro lados y se pueden equipar con elementos adicionales, por ejemplo, respaldos, paneles laterales o mesas acoplables. Esto permite un sinf\u00edn de configuraciones que se pueden modificar f\u00e1cilmente una y otra vez en funci\u00f3n de las necesidades del momento.<\/p>\n\n\n\n<p>Con tan solo once componentes distintos (m\u00f3dulos y elementos), es posible montar la configuraci\u00f3n adecuada para una amplia gama de requisitos: peque\u00f1a, grande, de una cara, de dos caras, con lados alternos, cerrada, abierta, etc. Y cuando las necesidades cambian, Anagram puede adaptarse f\u00e1cilmente a la nueva situaci\u00f3n.<br><a href=\"https:\/\/www.vitra.com\/es-es\/product\/details\/anagram-sofa#configure\" target=\"_blank\" rel=\"noopener\"><\/a><\/p>\n\n\n\n<p><\/p>\n","protected":false},"excerpt":{"rendered":"<p>Anagram es m\u00e1s que un simple sof\u00e1: es una familia compuesta por diversos m\u00f3dulos y elementos que se pueden utilizar para dar una respuesta r\u00e1pida tanto a las necesidades del momento como a los grandes cambios de la vida. \u00abAnagram hace honor a su nombre: puedes reorganizar continuamente los componentes individuales para crear diferentes historias &#8230; <a title=\"Sof\u00e1 Anagram\" class=\"read-more\" href=\"https:\/\/enlineabarcelona.com\/ca\/producto\/sofa-anagram\/\" aria-label=\"M\u00e9s informaci\u00f3 sobre Sof\u00e1 Anagram\">Llegiu m\u00e9s<\/a><\/p>\n","protected":false},"featured_media":10343,"comment_status":"closed","ping_status":"open","template":"","meta":{"_acf_changed":false},"product_cat":[298,1147],"product_tag":[],"disenadores":[860],"marca":[26],"class_list":{"0":"post-14132","1":"product","2":"type-product","3":"status-publish","4":"has-post-thumbnail","6":"product_cat-mobiliario","7":"product_cat-sofas","8":"disenadores-pantertourron","9":"marca-vitra","10":"sales-flash-overlay","11":"woocommerce-text-align-center","12":"woocommerce-image-align-center","13":"do-quantity-buttons","14":"wc-has-gallery","16":"first","17":"instock","18":"purchasable","19":"product-type-simple"},"acf":[],"_links":{"self":[{"href":"https:\/\/enlineabarcelona.com\/ca\/wp-json\/wp\/v2\/product\/14132","targetHints":{"allow":["GET"]}}],"collection":[{"href":"https:\/\/enlineabarcelona.com\/ca\/wp-json\/wp\/v2\/product"}],"about":[{"href":"https:\/\/enlineabarcelona.com\/ca\/wp-json\/wp\/v2\/types\/product"}],"replies":[{"embeddable":true,"href":"https:\/\/enlineabarcelona.com\/ca\/wp-json\/wp\/v2\/comments?post=14132"}],"wp:featuredmedia":[{"embeddable":true,"href":"https:\/\/enlineabarcelona.com\/ca\/wp-json\/wp\/v2\/media\/10343"}],"wp:attachment":[{"href":"https:\/\/enlineabarcelona.com\/ca\/wp-json\/wp\/v2\/media?parent=14132"}],"wp:term":[{"taxonomy":"product_cat","embeddable":true,"href":"https:\/\/enlineabarcelona.com\/ca\/wp-json\/wp\/v2\/product_cat?post=14132"},{"taxonomy":"product_tag","embeddable":true,"href":"https:\/\/enlineabarcelona.com\/ca\/wp-json\/wp\/v2\/product_tag?post=14132"},{"taxonomy":"disenadores","embeddable":true,"href":"https:\/\/enlineabarcelona.com\/ca\/wp-json\/wp\/v2\/disenadores?post=14132"},{"taxonomy":"marca","embeddable":true,"href":"https:\/\/enlineabarcelona.com\/ca\/wp-json\/wp\/v2\/marca?post=14132"}],"curies":[{"name":"wp","href":"https:\/\/api.w.org\/{rel}","templated":true}]}}

Sofá Anagram

<p>Anagram es más que un simple sofá: es una familia compuesta por diversos módulos y elementos que se pueden utilizar para dar una respuesta rápida tanto a las necesidades del momento como a los grandes cambios de la vida.<br></p>



<p>«Anagram hace honor a su nombre: puedes reorganizar continuamente los componentes individuales para crear diferentes historias y situaciones».<br></p>



<p>Anagram se adapta al día a día: los módulos de la plataforma están diseñados a modo de islas que se pueden combinar con otros módulos por los cuatro lados y se pueden equipar con elementos adicionales, por ejemplo, respaldos, paneles laterales o mesas acoplables. Esto permite un sinfín de configuraciones que se pueden modificar fácilmente una y otra vez en función de las necesidades del momento.</p>



<p>Con tan solo once componentes distintos (módulos y elementos), es posible montar la configuración adecuada para una amplia gama de requisitos: pequeña, grande, de una cara, de dos caras, con lados alternos, cerrada, abierta, etc. Y cuando las necesidades cambian, Anagram puede adaptarse fácilmente a la nueva situación.<br><a href="https://www.vitra.com/es-es/product/details/anagram-sofa#configure" target="_blank" rel="noopener"></a></p>



<p></p>

<p>Anagram es más que un simple sofá: es una familia compuesta por diversos módulos y elementos que se pueden utilizar para dar una respuesta rápida tanto a las necesidades del momento como a los grandes cambios de la vida. «Anagram hace honor a su nombre: puedes reorganizar continuamente los componentes individuales para crear diferentes historias &#8230; <a title="Sofá Anagram" class="read-more" href="https://enlineabarcelona.com/ca/producto/sofa-anagram/" aria-label="Més informació sobre Sofá Anagram">Llegiu més</a></p>
