{"id":14145,"date":"2025-10-27T11:18:56","date_gmt":"2025-10-27T11:18:56","guid":{"rendered":"https:\/\/enlineabarcelona.com\/producto\/silla-zeta\/"},"modified":"2025-10-27T11:18:59","modified_gmt":"2025-10-27T11:18:59","slug":"silla-zeta","status":"publish","type":"product","link":"https:\/\/enlineabarcelona.com\/ca\/producto\/silla-zeta\/","title":{"rendered":"Silla Zeta"},"content":{"rendered":"\n<p>Zeta es una mesa de jard\u00edn redonda plegable de laminado y una silla plegable que pueden transformar r\u00e1pidamente cualquier espacio. Dise\u00f1ada por James Irvine para Coro, la colecci\u00f3n encarna una idea original de mobiliario plegable. La mesa Zeta est\u00e1 fabricada con una estructura de acero inoxidable cepillado y un tablero laminado y plegable de gran grosor, mientras que la silla cuenta con un asiento de poliestireno. Apta para exterior e interior, Zeta no s\u00f3lo aporta belleza a cualquier lugar donde se coloque, sino que tambi\u00e9n a\u00f1ade una sensaci\u00f3n de comodidad con su r\u00e1pido montaje y desmontaje. La silla Zeta est\u00e1 dise\u00f1ada para complementar la mesa de la colecci\u00f3n, que es f\u00e1cil de montar y guardar. Sin embargo, puede combinarla f\u00e1cilmente con otras sillas Coro, como la Livis y la Nest.<\/p>\n\n\n\n<p><\/p>\n","protected":false},"excerpt":{"rendered":"<p>Zeta es una mesa de jard\u00edn redonda plegable de laminado y una silla plegable que pueden transformar r\u00e1pidamente cualquier espacio. Dise\u00f1ada por James Irvine para Coro, la colecci\u00f3n encarna una idea original de mobiliario plegable. La mesa Zeta est\u00e1 fabricada con una estructura de acero inoxidable cepillado y un tablero laminado y plegable de gran &#8230; <a title=\"Silla Zeta\" class=\"read-more\" href=\"https:\/\/enlineabarcelona.com\/ca\/producto\/silla-zeta\/\" aria-label=\"M\u00e9s informaci\u00f3 sobre Silla Zeta\">Llegiu m\u00e9s<\/a><\/p>\n","protected":false},"featured_media":10572,"comment_status":"closed","ping_status":"open","template":"","meta":{"_acf_changed":false},"product_cat":[1137,1215,1214],"product_tag":[],"disenadores":[1216],"marca":[],"class_list":{"0":"post-14145","1":"product","2":"type-product","3":"status-publish","4":"has-post-thumbnail","6":"product_cat-outletmobiliario","7":"product_cat-sillas","8":"product_cat-sillasexterior","9":"disenadores-james-irvine","10":"sales-flash-overlay","11":"woocommerce-text-align-center","12":"woocommerce-image-align-center","13":"do-quantity-buttons","14":"wc-has-gallery","16":"first","17":"instock","18":"sale","19":"purchasable","20":"product-type-simple"},"acf":[],"_links":{"self":[{"href":"https:\/\/enlineabarcelona.com\/ca\/wp-json\/wp\/v2\/product\/14145","targetHints":{"allow":["GET"]}}],"collection":[{"href":"https:\/\/enlineabarcelona.com\/ca\/wp-json\/wp\/v2\/product"}],"about":[{"href":"https:\/\/enlineabarcelona.com\/ca\/wp-json\/wp\/v2\/types\/product"}],"replies":[{"embeddable":true,"href":"https:\/\/enlineabarcelona.com\/ca\/wp-json\/wp\/v2\/comments?post=14145"}],"wp:featuredmedia":[{"embeddable":true,"href":"https:\/\/enlineabarcelona.com\/ca\/wp-json\/wp\/v2\/media\/10572"}],"wp:attachment":[{"href":"https:\/\/enlineabarcelona.com\/ca\/wp-json\/wp\/v2\/media?parent=14145"}],"wp:term":[{"taxonomy":"product_cat","embeddable":true,"href":"https:\/\/enlineabarcelona.com\/ca\/wp-json\/wp\/v2\/product_cat?post=14145"},{"taxonomy":"product_tag","embeddable":true,"href":"https:\/\/enlineabarcelona.com\/ca\/wp-json\/wp\/v2\/product_tag?post=14145"},{"taxonomy":"disenadores","embeddable":true,"href":"https:\/\/enlineabarcelona.com\/ca\/wp-json\/wp\/v2\/disenadores?post=14145"},{"taxonomy":"marca","embeddable":true,"href":"https:\/\/enlineabarcelona.com\/ca\/wp-json\/wp\/v2\/marca?post=14145"}],"curies":[{"name":"wp","href":"https:\/\/api.w.org\/{rel}","templated":true}]}}

<p>Zeta es una mesa de jardín redonda plegable de laminado y una silla plegable que pueden transformar rápidamente cualquier espacio. Diseñada por James Irvine para Coro, la colección encarna una idea original de mobiliario plegable. La mesa Zeta está fabricada con una estructura de acero inoxidable cepillado y un tablero laminado y plegable de gran grosor, mientras que la silla cuenta con un asiento de poliestireno. Apta para exterior e interior, Zeta no sólo aporta belleza a cualquier lugar donde se coloque, sino que también añade una sensación de comodidad con su rápido montaje y desmontaje. La silla Zeta está diseñada para complementar la mesa de la colección, que es fácil de montar y guardar. Sin embargo, puede combinarla fácilmente con otras sillas Coro, como la Livis y la Nest.</p>



<p></p>

<p>Zeta es una mesa de jardín redonda plegable de laminado y una silla plegable que pueden transformar rápidamente cualquier espacio. Diseñada por James Irvine para Coro, la colección encarna una idea original de mobiliario plegable. La mesa Zeta está fabricada con una estructura de acero inoxidable cepillado y un tablero laminado y plegable de gran &#8230; <a title="Silla Zeta" class="read-more" href="https://enlineabarcelona.com/ca/producto/silla-zeta/" aria-label="Més informació sobre Silla Zeta">Llegiu més</a></p>
