{"id":14149,"date":"2025-10-27T11:18:56","date_gmt":"2025-10-27T11:18:56","guid":{"rendered":"https:\/\/enlineabarcelona.com\/producto\/butaca-grand-repos-y-ottoman\/"},"modified":"2025-10-27T11:19:02","modified_gmt":"2025-10-27T11:19:02","slug":"butaca-grand-repos-y-ottoman","status":"publish","type":"product","link":"https:\/\/enlineabarcelona.com\/ca\/producto\/butaca-grand-repos-y-ottoman\/","title":{"rendered":"Butaca Grand Repos y Ottoman"},"content":{"rendered":"\n<p>El sill\u00f3n de orejas Grand Repos de Antonio Citterio ofrece un confort excepcional, sobre todo cuando se combina con la Ottoman. Gracias al mecanismo sincronizado oculto debajo del acolchado, el usuario puede adoptar cualquier \u00e1ngulo de inclinaci\u00f3n y bloquear el sill\u00f3n en cualquier posici\u00f3n. Cuando el usuario est\u00e1 confortablemente reclinado, la Ottoman le ofrece un suave apoyo para los pies con el que conseguir el m\u00e1ximo relax.<br><br><\/p>\n\n\n\n<p><\/p>\n","protected":false},"excerpt":{"rendered":"<p>El sill\u00f3n de orejas Grand Repos de Antonio Citterio ofrece un confort excepcional, sobre todo cuando se combina con la Ottoman. Gracias al mecanismo sincronizado oculto debajo del acolchado, el usuario puede adoptar cualquier \u00e1ngulo de inclinaci\u00f3n y bloquear el sill\u00f3n en cualquier posici\u00f3n. Cuando el usuario est\u00e1 confortablemente reclinado, la Ottoman le ofrece un &#8230; <a title=\"Butaca Grand Repos y Ottoman\" class=\"read-more\" href=\"https:\/\/enlineabarcelona.com\/ca\/producto\/butaca-grand-repos-y-ottoman\/\" aria-label=\"M\u00e9s informaci\u00f3 sobre Butaca Grand Repos y Ottoman\">Llegiu m\u00e9s<\/a><\/p>\n","protected":false},"featured_media":10630,"comment_status":"closed","ping_status":"open","template":"","meta":{"_acf_changed":false},"product_cat":[1219,298,1220],"product_tag":[],"disenadores":[884],"marca":[26],"class_list":{"0":"post-14149","1":"product","2":"type-product","3":"status-publish","4":"has-post-thumbnail","6":"product_cat-butacasmobiliario","7":"product_cat-mobiliario","8":"product_cat-poufs","9":"disenadores-antonio-citterio","10":"marca-vitra","11":"sales-flash-overlay","12":"woocommerce-text-align-center","13":"woocommerce-image-align-center","14":"do-quantity-buttons","15":"wc-has-gallery","17":"first","18":"instock","19":"purchasable","20":"product-type-simple"},"acf":[],"_links":{"self":[{"href":"https:\/\/enlineabarcelona.com\/ca\/wp-json\/wp\/v2\/product\/14149","targetHints":{"allow":["GET"]}}],"collection":[{"href":"https:\/\/enlineabarcelona.com\/ca\/wp-json\/wp\/v2\/product"}],"about":[{"href":"https:\/\/enlineabarcelona.com\/ca\/wp-json\/wp\/v2\/types\/product"}],"replies":[{"embeddable":true,"href":"https:\/\/enlineabarcelona.com\/ca\/wp-json\/wp\/v2\/comments?post=14149"}],"wp:featuredmedia":[{"embeddable":true,"href":"https:\/\/enlineabarcelona.com\/ca\/wp-json\/wp\/v2\/media\/10630"}],"wp:attachment":[{"href":"https:\/\/enlineabarcelona.com\/ca\/wp-json\/wp\/v2\/media?parent=14149"}],"wp:term":[{"taxonomy":"product_cat","embeddable":true,"href":"https:\/\/enlineabarcelona.com\/ca\/wp-json\/wp\/v2\/product_cat?post=14149"},{"taxonomy":"product_tag","embeddable":true,"href":"https:\/\/enlineabarcelona.com\/ca\/wp-json\/wp\/v2\/product_tag?post=14149"},{"taxonomy":"disenadores","embeddable":true,"href":"https:\/\/enlineabarcelona.com\/ca\/wp-json\/wp\/v2\/disenadores?post=14149"},{"taxonomy":"marca","embeddable":true,"href":"https:\/\/enlineabarcelona.com\/ca\/wp-json\/wp\/v2\/marca?post=14149"}],"curies":[{"name":"wp","href":"https:\/\/api.w.org\/{rel}","templated":true}]}}

<p>El sillón de orejas Grand Repos de Antonio Citterio ofrece un confort excepcional, sobre todo cuando se combina con la Ottoman. Gracias al mecanismo sincronizado oculto debajo del acolchado, el usuario puede adoptar cualquier ángulo de inclinación y bloquear el sillón en cualquier posición. Cuando el usuario está confortablemente reclinado, la Ottoman le ofrece un suave apoyo para los pies con el que conseguir el máximo relax.<br><br></p>



<p></p>

<p>El sillón de orejas Grand Repos de Antonio Citterio ofrece un confort excepcional, sobre todo cuando se combina con la Ottoman. Gracias al mecanismo sincronizado oculto debajo del acolchado, el usuario puede adoptar cualquier ángulo de inclinación y bloquear el sillón en cualquier posición. Cuando el usuario está confortablemente reclinado, la Ottoman le ofrece un &#8230; <a title="Butaca Grand Repos y Ottoman" class="read-more" href="https://enlineabarcelona.com/ca/producto/butaca-grand-repos-y-ottoman/" aria-label="Més informació sobre Butaca Grand Repos y Ottoman">Llegiu més</a></p>
