{"id":14150,"date":"2025-10-27T11:18:56","date_gmt":"2025-10-27T11:18:56","guid":{"rendered":"https:\/\/enlineabarcelona.com\/producto\/butaca-repos-y-ottoman\/"},"modified":"2025-10-27T11:19:02","modified_gmt":"2025-10-27T11:19:02","slug":"butaca-repos-y-ottoman","status":"publish","type":"product","link":"https:\/\/enlineabarcelona.com\/ca\/producto\/butaca-repos-y-ottoman\/","title":{"rendered":"Butaca Repos y Ottoman"},"content":{"rendered":"\n<p><br>La comodidad excepcional del elegante sill\u00f3n Repos aumenta a\u00fan m\u00e1s cuando se combina con la Ottoman, donde los usuarios pueden poner los pies y relajarse. Gracias al mecanismo sincronizado y bloqueable, oculto dentro del acolchado, se adapta autom\u00e1ticamente al peso del usuario, garantiz\u00e1ndole un apoyo \u00f3ptimo de la columna en cualquier posici\u00f3n.<br><br><br><\/p>\n\n\n\n<p><\/p>\n","protected":false},"excerpt":{"rendered":"<p>La comodidad excepcional del elegante sill\u00f3n Repos aumenta a\u00fan m\u00e1s cuando se combina con la Ottoman, donde los usuarios pueden poner los pies y relajarse. Gracias al mecanismo sincronizado y bloqueable, oculto dentro del acolchado, se adapta autom\u00e1ticamente al peso del usuario, garantiz\u00e1ndole un apoyo \u00f3ptimo de la columna en cualquier posici\u00f3n.<\/p>\n","protected":false},"featured_media":10647,"comment_status":"closed","ping_status":"open","template":"","meta":{"_acf_changed":false},"product_cat":[1219,298,1220],"product_tag":[],"disenadores":[884],"marca":[26],"class_list":{"0":"post-14150","1":"product","2":"type-product","3":"status-publish","4":"has-post-thumbnail","6":"product_cat-butacasmobiliario","7":"product_cat-mobiliario","8":"product_cat-poufs","9":"disenadores-antonio-citterio","10":"marca-vitra","11":"sales-flash-overlay","12":"woocommerce-text-align-center","13":"woocommerce-image-align-center","14":"do-quantity-buttons","15":"wc-has-gallery","17":"first","18":"instock","19":"purchasable","20":"product-type-simple"},"acf":[],"_links":{"self":[{"href":"https:\/\/enlineabarcelona.com\/ca\/wp-json\/wp\/v2\/product\/14150","targetHints":{"allow":["GET"]}}],"collection":[{"href":"https:\/\/enlineabarcelona.com\/ca\/wp-json\/wp\/v2\/product"}],"about":[{"href":"https:\/\/enlineabarcelona.com\/ca\/wp-json\/wp\/v2\/types\/product"}],"replies":[{"embeddable":true,"href":"https:\/\/enlineabarcelona.com\/ca\/wp-json\/wp\/v2\/comments?post=14150"}],"wp:featuredmedia":[{"embeddable":true,"href":"https:\/\/enlineabarcelona.com\/ca\/wp-json\/wp\/v2\/media\/10647"}],"wp:attachment":[{"href":"https:\/\/enlineabarcelona.com\/ca\/wp-json\/wp\/v2\/media?parent=14150"}],"wp:term":[{"taxonomy":"product_cat","embeddable":true,"href":"https:\/\/enlineabarcelona.com\/ca\/wp-json\/wp\/v2\/product_cat?post=14150"},{"taxonomy":"product_tag","embeddable":true,"href":"https:\/\/enlineabarcelona.com\/ca\/wp-json\/wp\/v2\/product_tag?post=14150"},{"taxonomy":"disenadores","embeddable":true,"href":"https:\/\/enlineabarcelona.com\/ca\/wp-json\/wp\/v2\/disenadores?post=14150"},{"taxonomy":"marca","embeddable":true,"href":"https:\/\/enlineabarcelona.com\/ca\/wp-json\/wp\/v2\/marca?post=14150"}],"curies":[{"name":"wp","href":"https:\/\/api.w.org\/{rel}","templated":true}]}}

<p><br>La comodidad excepcional del elegante sillón Repos aumenta aún más cuando se combina con la Ottoman, donde los usuarios pueden poner los pies y relajarse. Gracias al mecanismo sincronizado y bloqueable, oculto dentro del acolchado, se adapta automáticamente al peso del usuario, garantizándole un apoyo óptimo de la columna en cualquier posición.<br><br><br></p>



<p></p>

<p>La comodidad excepcional del elegante sillón Repos aumenta aún más cuando se combina con la Ottoman, donde los usuarios pueden poner los pies y relajarse. Gracias al mecanismo sincronizado y bloqueable, oculto dentro del acolchado, se adapta automáticamente al peso del usuario, garantizándole un apoyo óptimo de la columna en cualquier posición.</p>
