{"id":14166,"date":"2025-10-27T11:19:12","date_gmt":"2025-10-27T11:19:12","guid":{"rendered":"https:\/\/enlineabarcelona.com\/producto\/lampara-tatu-roja\/"},"modified":"2025-10-27T11:19:16","modified_gmt":"2025-10-27T11:19:16","slug":"lampara-tatu-roja","status":"publish","type":"product","link":"https:\/\/enlineabarcelona.com\/ca\/producto\/lampara-tatu-roja\/","title":{"rendered":"L\u00e1mpara Tatu"},"content":{"rendered":"\n<p>Tatu es un objeto-l\u00e1mpara que se constituye en memorable icono de la cultura pop espa\u00f1ola de los 70. Mediante la incorporaci\u00f3n de tecnolog\u00eda LED, su intensidad lum\u00ednica es f\u00e1cilmente adecuable en intensidad y apertura focal, permitiendo recogimiento o actividades que requieren concentraci\u00f3n. Y su simpat\u00eda es legendaria.<br><br><\/p>\n","protected":false},"excerpt":{"rendered":"<p>Tatu es un objeto-l\u00e1mpara que se constituye en memorable icono de la cultura pop espa\u00f1ola de los 70. Mediante la incorporaci\u00f3n de tecnolog\u00eda LED, su intensidad lum\u00ednica es f\u00e1cilmente adecuable en intensidad y apertura focal, permitiendo recogimiento o actividades que requieren concentraci\u00f3n. Y su simpat\u00eda es legendaria.<\/p>\n","protected":false},"featured_media":10882,"comment_status":"closed","ping_status":"open","template":"","meta":{"_acf_changed":false},"product_cat":[251,296,297],"product_tag":[],"disenadores":[816],"marca":[1161],"class_list":{"0":"post-14166","1":"product","2":"type-product","3":"status-publish","4":"has-post-thumbnail","6":"product_cat-exterior","7":"product_cat-iluminacion-exterior","8":"product_cat-lamparas-sobremesa","9":"disenadores-andre-ricard","10":"marca-santa-cole","11":"sales-flash-overlay","12":"woocommerce-text-align-center","13":"woocommerce-image-align-center","14":"do-quantity-buttons","15":"wc-has-gallery","17":"first","18":"instock","19":"purchasable","20":"product-type-simple"},"acf":[],"_links":{"self":[{"href":"https:\/\/enlineabarcelona.com\/ca\/wp-json\/wp\/v2\/product\/14166","targetHints":{"allow":["GET"]}}],"collection":[{"href":"https:\/\/enlineabarcelona.com\/ca\/wp-json\/wp\/v2\/product"}],"about":[{"href":"https:\/\/enlineabarcelona.com\/ca\/wp-json\/wp\/v2\/types\/product"}],"replies":[{"embeddable":true,"href":"https:\/\/enlineabarcelona.com\/ca\/wp-json\/wp\/v2\/comments?post=14166"}],"wp:featuredmedia":[{"embeddable":true,"href":"https:\/\/enlineabarcelona.com\/ca\/wp-json\/wp\/v2\/media\/10882"}],"wp:attachment":[{"href":"https:\/\/enlineabarcelona.com\/ca\/wp-json\/wp\/v2\/media?parent=14166"}],"wp:term":[{"taxonomy":"product_cat","embeddable":true,"href":"https:\/\/enlineabarcelona.com\/ca\/wp-json\/wp\/v2\/product_cat?post=14166"},{"taxonomy":"product_tag","embeddable":true,"href":"https:\/\/enlineabarcelona.com\/ca\/wp-json\/wp\/v2\/product_tag?post=14166"},{"taxonomy":"disenadores","embeddable":true,"href":"https:\/\/enlineabarcelona.com\/ca\/wp-json\/wp\/v2\/disenadores?post=14166"},{"taxonomy":"marca","embeddable":true,"href":"https:\/\/enlineabarcelona.com\/ca\/wp-json\/wp\/v2\/marca?post=14166"}],"curies":[{"name":"wp","href":"https:\/\/api.w.org\/{rel}","templated":true}]}}

Lámpara Tatu

<p>Tatu es un objeto-lámpara que se constituye en memorable icono de la cultura pop española de los 70. Mediante la incorporación de tecnología LED, su intensidad lumínica es fácilmente adecuable en intensidad y apertura focal, permitiendo recogimiento o actividades que requieren concentración. Y su simpatía es legendaria.<br><br></p>

<p>Tatu es un objeto-lámpara que se constituye en memorable icono de la cultura pop española de los 70. Mediante la incorporación de tecnología LED, su intensidad lumínica es fácilmente adecuable en intensidad y apertura focal, permitiendo recogimiento o actividades que requieren concentración. Y su simpatía es legendaria.</p>
