{"id":14181,"date":"2025-10-27T11:19:26","date_gmt":"2025-10-27T11:19:26","guid":{"rendered":"https:\/\/enlineabarcelona.com\/producto\/butaca-dantan\/"},"modified":"2025-10-27T11:19:27","modified_gmt":"2025-10-27T11:19:27","slug":"butaca-dantan","status":"publish","type":"product","link":"https:\/\/enlineabarcelona.com\/ca\/producto\/butaca-dantan\/","title":{"rendered":"Butaca D&#8217;Antan"},"content":{"rendered":"\n<p>El poder narrativo de D&#8217;Antan cuenta una historia ic\u00f3nica, en perfecta transici\u00f3n entre los intrincados detalles de la materia y las l\u00edneas depuradas. Con unas dimensiones impresionantes y un asiento espacioso, este sill\u00f3n se apoya en un s\u00f3lido armaz\u00f3n de fresno oscuro tapizado en cuero marr\u00f3n oscuro, con un generoso respaldo que se ensancha en los hombros y un peque\u00f1o coj\u00edn de cuero para apoyar la cabeza. Los dos travesa\u00f1os curvados en la cabecera y bajo los huecos para las piernas ofrecen un elemento adicional de confort, subrayado por el reposapi\u00e9s en los mismos acabados. Su estructura ligera hace que sea f\u00e1cil de plegar, facilitando su transporte a voluntad. La s\u00edntesis perfecta del confort.<\/p>\n\n\n\n<p>\u00abUn asiento debe acogerte como un abrazo. El sill\u00f3n D&#8217;Antan se ha dise\u00f1ado con esta idea, para acoger los momentos de relax junto al fuego o leyendo un libro en el porche. Su forma cl\u00e1sica y atemporal se adhiere a un dise\u00f1o gr\u00e1cil y fluido.\u00bb &#8211; Raffaella Mangiarotti<\/p>\n","protected":false},"excerpt":{"rendered":"<p>El poder narrativo de D&#8217;Antan cuenta una historia ic\u00f3nica, en perfecta transici\u00f3n entre los intrincados detalles de la materia y las l\u00edneas depuradas. Con unas dimensiones impresionantes y un asiento espacioso, este sill\u00f3n se apoya en un s\u00f3lido armaz\u00f3n de fresno oscuro tapizado en cuero marr\u00f3n oscuro, con un generoso respaldo que se ensancha en &#8230; <a title=\"Butaca D&#8217;Antan\" class=\"read-more\" href=\"https:\/\/enlineabarcelona.com\/ca\/producto\/butaca-dantan\/\" aria-label=\"M\u00e9s informaci\u00f3 sobre Butaca D&#8217;Antan\">Llegiu m\u00e9s<\/a><\/p>\n","protected":false},"featured_media":11074,"comment_status":"closed","ping_status":"open","template":"","meta":{"_acf_changed":false},"product_cat":[1145,298],"product_tag":[],"disenadores":[762],"marca":[51],"class_list":{"0":"post-14181","1":"product","2":"type-product","3":"status-publish","4":"has-post-thumbnail","6":"product_cat-butacas","7":"product_cat-mobiliario","8":"disenadores-raffaella-mangiarotti","9":"marca-de-padova","10":"sales-flash-overlay","11":"woocommerce-text-align-center","12":"woocommerce-image-align-center","13":"do-quantity-buttons","14":"wc-has-gallery","16":"first","17":"instock","18":"purchasable","19":"product-type-simple"},"acf":[],"_links":{"self":[{"href":"https:\/\/enlineabarcelona.com\/ca\/wp-json\/wp\/v2\/product\/14181","targetHints":{"allow":["GET"]}}],"collection":[{"href":"https:\/\/enlineabarcelona.com\/ca\/wp-json\/wp\/v2\/product"}],"about":[{"href":"https:\/\/enlineabarcelona.com\/ca\/wp-json\/wp\/v2\/types\/product"}],"replies":[{"embeddable":true,"href":"https:\/\/enlineabarcelona.com\/ca\/wp-json\/wp\/v2\/comments?post=14181"}],"wp:featuredmedia":[{"embeddable":true,"href":"https:\/\/enlineabarcelona.com\/ca\/wp-json\/wp\/v2\/media\/11074"}],"wp:attachment":[{"href":"https:\/\/enlineabarcelona.com\/ca\/wp-json\/wp\/v2\/media?parent=14181"}],"wp:term":[{"taxonomy":"product_cat","embeddable":true,"href":"https:\/\/enlineabarcelona.com\/ca\/wp-json\/wp\/v2\/product_cat?post=14181"},{"taxonomy":"product_tag","embeddable":true,"href":"https:\/\/enlineabarcelona.com\/ca\/wp-json\/wp\/v2\/product_tag?post=14181"},{"taxonomy":"disenadores","embeddable":true,"href":"https:\/\/enlineabarcelona.com\/ca\/wp-json\/wp\/v2\/disenadores?post=14181"},{"taxonomy":"marca","embeddable":true,"href":"https:\/\/enlineabarcelona.com\/ca\/wp-json\/wp\/v2\/marca?post=14181"}],"curies":[{"name":"wp","href":"https:\/\/api.w.org\/{rel}","templated":true}]}}

<p>El poder narrativo de D&#8217;Antan cuenta una historia icónica, en perfecta transición entre los intrincados detalles de la materia y las líneas depuradas. Con unas dimensiones impresionantes y un asiento espacioso, este sillón se apoya en un sólido armazón de fresno oscuro tapizado en cuero marrón oscuro, con un generoso respaldo que se ensancha en los hombros y un pequeño cojín de cuero para apoyar la cabeza. Los dos travesaños curvados en la cabecera y bajo los huecos para las piernas ofrecen un elemento adicional de confort, subrayado por el reposapiés en los mismos acabados. Su estructura ligera hace que sea fácil de plegar, facilitando su transporte a voluntad. La síntesis perfecta del confort.</p>



<p>«Un asiento debe acogerte como un abrazo. El sillón D&#8217;Antan se ha diseñado con esta idea, para acoger los momentos de relax junto al fuego o leyendo un libro en el porche. Su forma clásica y atemporal se adhiere a un diseño grácil y fluido.» &#8211; Raffaella Mangiarotti</p>

<p>El poder narrativo de D&#8217;Antan cuenta una historia icónica, en perfecta transición entre los intrincados detalles de la materia y las líneas depuradas. Con unas dimensiones impresionantes y un asiento espacioso, este sillón se apoya en un sólido armazón de fresno oscuro tapizado en cuero marrón oscuro, con un generoso respaldo que se ensancha en &#8230; <a title="Butaca D&#8217;Antan" class="read-more" href="https://enlineabarcelona.com/ca/producto/butaca-dantan/" aria-label="Més informació sobre Butaca D&#8217;Antan">Llegiu més</a></p>
