{"id":14192,"date":"2025-10-27T11:19:26","date_gmt":"2025-10-27T11:19:26","guid":{"rendered":"https:\/\/enlineabarcelona.com\/producto\/mesa-serenissimo\/"},"modified":"2025-10-27T11:19:35","modified_gmt":"2025-10-27T11:19:35","slug":"mesa-serenissimo","status":"publish","type":"product","link":"https:\/\/enlineabarcelona.com\/ca\/producto\/mesa-serenissimo\/","title":{"rendered":"Mesa Serenissimo"},"content":{"rendered":"\n<p>El Serenissimo, delineado con precisi\u00f3n, convierte una mesa en una composici\u00f3n gr\u00e1fica, con cuatro columnas y una viga lineal de acero que hace flotar el tablero por encima. En la clave del dise\u00f1o original de Lella y Massimo Vignelli, la creaci\u00f3n habla a trav\u00e9s de su geometr\u00eda y sus materiales.<br>Con sus formas elementales definidas por refinados acabados met\u00e1licos o suaves tonos de estuco veneciano, y por un vasto tablero de cristal -de hasta tres metros de largo- extendido sobre la base en forma de altar, para una armon\u00eda compuesta de proporciones monumentales.<\/p>\n","protected":false},"excerpt":{"rendered":"<p>El Serenissimo, delineado con precisi\u00f3n, convierte una mesa en una composici\u00f3n gr\u00e1fica, con cuatro columnas y una viga lineal de acero que hace flotar el tablero por encima. En la clave del dise\u00f1o original de Lella y Massimo Vignelli, la creaci\u00f3n habla a trav\u00e9s de su geometr\u00eda y sus materiales.Con sus formas elementales definidas por &#8230; <a title=\"Mesa Serenissimo\" class=\"read-more\" href=\"https:\/\/enlineabarcelona.com\/ca\/producto\/mesa-serenissimo\/\" aria-label=\"M\u00e9s informaci\u00f3 sobre Mesa Serenissimo\">Llegiu m\u00e9s<\/a><\/p>\n","protected":false},"featured_media":11268,"comment_status":"closed","ping_status":"open","template":"","meta":{"_acf_changed":false},"product_cat":[289,298],"product_tag":[],"disenadores":[843],"marca":[1237],"class_list":{"0":"post-14192","1":"product","2":"type-product","3":"status-publish","4":"has-post-thumbnail","6":"product_cat-mesas","7":"product_cat-mobiliario","8":"disenadores-lella-massimo-vignelli","9":"marca-acerbis","10":"sales-flash-overlay","11":"woocommerce-text-align-center","12":"woocommerce-image-align-center","13":"do-quantity-buttons","14":"wc-has-gallery","16":"first","17":"instock","18":"purchasable","19":"product-type-simple"},"acf":[],"_links":{"self":[{"href":"https:\/\/enlineabarcelona.com\/ca\/wp-json\/wp\/v2\/product\/14192","targetHints":{"allow":["GET"]}}],"collection":[{"href":"https:\/\/enlineabarcelona.com\/ca\/wp-json\/wp\/v2\/product"}],"about":[{"href":"https:\/\/enlineabarcelona.com\/ca\/wp-json\/wp\/v2\/types\/product"}],"replies":[{"embeddable":true,"href":"https:\/\/enlineabarcelona.com\/ca\/wp-json\/wp\/v2\/comments?post=14192"}],"wp:featuredmedia":[{"embeddable":true,"href":"https:\/\/enlineabarcelona.com\/ca\/wp-json\/wp\/v2\/media\/11268"}],"wp:attachment":[{"href":"https:\/\/enlineabarcelona.com\/ca\/wp-json\/wp\/v2\/media?parent=14192"}],"wp:term":[{"taxonomy":"product_cat","embeddable":true,"href":"https:\/\/enlineabarcelona.com\/ca\/wp-json\/wp\/v2\/product_cat?post=14192"},{"taxonomy":"product_tag","embeddable":true,"href":"https:\/\/enlineabarcelona.com\/ca\/wp-json\/wp\/v2\/product_tag?post=14192"},{"taxonomy":"disenadores","embeddable":true,"href":"https:\/\/enlineabarcelona.com\/ca\/wp-json\/wp\/v2\/disenadores?post=14192"},{"taxonomy":"marca","embeddable":true,"href":"https:\/\/enlineabarcelona.com\/ca\/wp-json\/wp\/v2\/marca?post=14192"}],"curies":[{"name":"wp","href":"https:\/\/api.w.org\/{rel}","templated":true}]}}

<p>El Serenissimo, delineado con precisión, convierte una mesa en una composición gráfica, con cuatro columnas y una viga lineal de acero que hace flotar el tablero por encima. En la clave del diseño original de Lella y Massimo Vignelli, la creación habla a través de su geometría y sus materiales.<br>Con sus formas elementales definidas por refinados acabados metálicos o suaves tonos de estuco veneciano, y por un vasto tablero de cristal -de hasta tres metros de largo- extendido sobre la base en forma de altar, para una armonía compuesta de proporciones monumentales.</p>

<p>El Serenissimo, delineado con precisión, convierte una mesa en una composición gráfica, con cuatro columnas y una viga lineal de acero que hace flotar el tablero por encima. En la clave del diseño original de Lella y Massimo Vignelli, la creación habla a través de su geometría y sus materiales.Con sus formas elementales definidas por &#8230; <a title="Mesa Serenissimo" class="read-more" href="https://enlineabarcelona.com/ca/producto/mesa-serenissimo/" aria-label="Més informació sobre Mesa Serenissimo">Llegiu més</a></p>
