{"id":14198,"date":"2025-10-27T11:19:26","date_gmt":"2025-10-27T11:19:26","guid":{"rendered":"https:\/\/enlineabarcelona.com\/producto\/silla-x-line\/"},"modified":"2025-10-27T11:19:40","modified_gmt":"2025-10-27T11:19:40","slug":"silla-x-line","status":"publish","type":"product","link":"https:\/\/enlineabarcelona.com\/ca\/producto\/silla-x-line\/","title":{"rendered":"Silla X-Line"},"content":{"rendered":"\n<p>Dise\u00f1ada originalmente por Niels J\u00f8rgen Haugesen a finales de los a\u00f1os 70, la silla X-Line se ha unido al universo de dise\u00f1os originales e intemporales de HAY. Fabricada en fino alambre met\u00e1lico, la expresi\u00f3n industrial de la silla y su construcci\u00f3n en acero de alta precisi\u00f3n la convierten en un excelente ejemplo del movimiento high-tech de los a\u00f1os 70. El dise\u00f1o, cuidadosamente pensado, ofrece una funcionalidad \u00f3ptima, y el refinado proceso de dise\u00f1o da como resultado la caracter\u00edstica estructura en X, que a\u00f1ade flexibilidad y resistencia a la silla, adem\u00e1s de atractivo visual. <\/p>\n\n\n\n<p>Disponible en colores y acabados cuidadosamente seleccionados, el lenguaje de dise\u00f1o sencillo y l\u00f3gico de X-Line sigue siendo igual de actual. Su expresi\u00f3n minimalista combinada con sus cualidades duraderas y apilables la convierten en una soluci\u00f3n de asiento vers\u00e1til para una amplia variedad de contextos privados o corporativos, tanto en interiores como en exteriores.<\/p>\n\n\n\n<p><\/p>\n","protected":false},"excerpt":{"rendered":"<p>Dise\u00f1ada originalmente por Niels J\u00f8rgen Haugesen a finales de los a\u00f1os 70, la silla X-Line se ha unido al universo de dise\u00f1os originales e intemporales de HAY. Fabricada en fino alambre met\u00e1lico, la expresi\u00f3n industrial de la silla y su construcci\u00f3n en acero de alta precisi\u00f3n la convierten en un excelente ejemplo del movimiento high-tech &#8230; <a title=\"Silla X-Line\" class=\"read-more\" href=\"https:\/\/enlineabarcelona.com\/ca\/producto\/silla-x-line\/\" aria-label=\"M\u00e9s informaci\u00f3 sobre Silla X-Line\">Llegiu m\u00e9s<\/a><\/p>\n","protected":false},"featured_media":11376,"comment_status":"closed","ping_status":"open","template":"","meta":{"_acf_changed":false},"product_cat":[298,1139],"product_tag":[],"disenadores":[749],"marca":[35],"class_list":{"0":"post-14198","1":"product","2":"type-product","3":"status-publish","4":"has-post-thumbnail","6":"product_cat-mobiliario","7":"product_cat-sillas","8":"disenadores-niels-jorgen-haugesen","9":"marca-hay","10":"sales-flash-overlay","11":"woocommerce-text-align-center","12":"woocommerce-image-align-center","13":"do-quantity-buttons","14":"wc-has-gallery","16":"first","17":"instock","18":"purchasable","19":"product-type-simple"},"acf":[],"_links":{"self":[{"href":"https:\/\/enlineabarcelona.com\/ca\/wp-json\/wp\/v2\/product\/14198","targetHints":{"allow":["GET"]}}],"collection":[{"href":"https:\/\/enlineabarcelona.com\/ca\/wp-json\/wp\/v2\/product"}],"about":[{"href":"https:\/\/enlineabarcelona.com\/ca\/wp-json\/wp\/v2\/types\/product"}],"replies":[{"embeddable":true,"href":"https:\/\/enlineabarcelona.com\/ca\/wp-json\/wp\/v2\/comments?post=14198"}],"wp:featuredmedia":[{"embeddable":true,"href":"https:\/\/enlineabarcelona.com\/ca\/wp-json\/wp\/v2\/media\/11376"}],"wp:attachment":[{"href":"https:\/\/enlineabarcelona.com\/ca\/wp-json\/wp\/v2\/media?parent=14198"}],"wp:term":[{"taxonomy":"product_cat","embeddable":true,"href":"https:\/\/enlineabarcelona.com\/ca\/wp-json\/wp\/v2\/product_cat?post=14198"},{"taxonomy":"product_tag","embeddable":true,"href":"https:\/\/enlineabarcelona.com\/ca\/wp-json\/wp\/v2\/product_tag?post=14198"},{"taxonomy":"disenadores","embeddable":true,"href":"https:\/\/enlineabarcelona.com\/ca\/wp-json\/wp\/v2\/disenadores?post=14198"},{"taxonomy":"marca","embeddable":true,"href":"https:\/\/enlineabarcelona.com\/ca\/wp-json\/wp\/v2\/marca?post=14198"}],"curies":[{"name":"wp","href":"https:\/\/api.w.org\/{rel}","templated":true}]}}

<p>Diseñada originalmente por Niels Jørgen Haugesen a finales de los años 70, la silla X-Line se ha unido al universo de diseños originales e intemporales de HAY. Fabricada en fino alambre metálico, la expresión industrial de la silla y su construcción en acero de alta precisión la convierten en un excelente ejemplo del movimiento high-tech de los años 70. El diseño, cuidadosamente pensado, ofrece una funcionalidad óptima, y el refinado proceso de diseño da como resultado la característica estructura en X, que añade flexibilidad y resistencia a la silla, además de atractivo visual. </p>



<p>Disponible en colores y acabados cuidadosamente seleccionados, el lenguaje de diseño sencillo y lógico de X-Line sigue siendo igual de actual. Su expresión minimalista combinada con sus cualidades duraderas y apilables la convierten en una solución de asiento versátil para una amplia variedad de contextos privados o corporativos, tanto en interiores como en exteriores.</p>



<p></p>

<p>Diseñada originalmente por Niels Jørgen Haugesen a finales de los años 70, la silla X-Line se ha unido al universo de diseños originales e intemporales de HAY. Fabricada en fino alambre metálico, la expresión industrial de la silla y su construcción en acero de alta precisión la convierten en un excelente ejemplo del movimiento high-tech &#8230; <a title="Silla X-Line" class="read-more" href="https://enlineabarcelona.com/ca/producto/silla-x-line/" aria-label="Més informació sobre Silla X-Line">Llegiu més</a></p>
