{"id":14200,"date":"2025-10-27T11:19:44","date_gmt":"2025-10-27T11:19:44","guid":{"rendered":"https:\/\/enlineabarcelona.com\/producto\/duo\/"},"modified":"2025-10-27T11:19:44","modified_gmt":"2025-10-27T11:19:44","slug":"duo","status":"publish","type":"product","link":"https:\/\/enlineabarcelona.com\/ca\/producto\/duo\/","title":{"rendered":"L\u00e1mpara Duo"},"content":{"rendered":"\n<p>La l\u00e1mpara Duo fue concebida por Andr\u00e9 Ricard para \u201cmesas de directivos\u201d, considerando que estos analizaban muchos papeles y deb\u00edan disponer de buena luz focal, pero tambi\u00e9n que recib\u00edan innumerables visitas, y que la vista de quienes se sentaran en las sillas de confidente no deb\u00eda ser obstaculizada por una pantalla grande u ostentosa. Duo cumple con ambos prop\u00f3sitos a la perfecci\u00f3n. Ilumina con proximidad y no interrumpe el horizonte visual.<\/p>\n\n\n\n<p>El flujo lum\u00ednico es orientable por la rotaci\u00f3n independiente de sus pantallas de vidrio, que pueden ser opacas para centrar la luz en la superficie de trabajo o trasl\u00facidas para dar tambi\u00e9n una iluminaci\u00f3n general.<\/p>\n","protected":false},"excerpt":{"rendered":"<p>La l\u00e1mpara Duo fue concebida por Andr\u00e9 Ricard para \u201cmesas de directivos\u201d, considerando que estos analizaban muchos papeles y deb\u00edan disponer de buena luz focal, pero tambi\u00e9n que recib\u00edan innumerables visitas, y que la vista de quienes se sentaran en las sillas de confidente no deb\u00eda ser obstaculizada por una pantalla grande u ostentosa. Duo &#8230; <a title=\"L\u00e1mpara Duo\" class=\"read-more\" href=\"https:\/\/enlineabarcelona.com\/ca\/producto\/duo\/\" aria-label=\"M\u00e9s informaci\u00f3 sobre L\u00e1mpara Duo\">Llegiu m\u00e9s<\/a><\/p>\n","protected":false},"featured_media":11426,"comment_status":"closed","ping_status":"open","template":"","meta":{"_acf_changed":false},"product_cat":[1156,1198],"product_tag":[],"disenadores":[816],"marca":[1161],"class_list":{"0":"post-14200","1":"product","2":"type-product","3":"status-publish","4":"has-post-thumbnail","6":"product_cat-iluminacion","7":"product_cat-lamparas-de-sobremesa","8":"disenadores-andre-ricard","9":"marca-santa-cole","10":"sales-flash-overlay","11":"woocommerce-text-align-center","12":"woocommerce-image-align-center","13":"do-quantity-buttons","14":"wc-has-gallery","16":"first","17":"instock","18":"purchasable","19":"product-type-simple"},"acf":[],"_links":{"self":[{"href":"https:\/\/enlineabarcelona.com\/ca\/wp-json\/wp\/v2\/product\/14200","targetHints":{"allow":["GET"]}}],"collection":[{"href":"https:\/\/enlineabarcelona.com\/ca\/wp-json\/wp\/v2\/product"}],"about":[{"href":"https:\/\/enlineabarcelona.com\/ca\/wp-json\/wp\/v2\/types\/product"}],"replies":[{"embeddable":true,"href":"https:\/\/enlineabarcelona.com\/ca\/wp-json\/wp\/v2\/comments?post=14200"}],"wp:featuredmedia":[{"embeddable":true,"href":"https:\/\/enlineabarcelona.com\/ca\/wp-json\/wp\/v2\/media\/11426"}],"wp:attachment":[{"href":"https:\/\/enlineabarcelona.com\/ca\/wp-json\/wp\/v2\/media?parent=14200"}],"wp:term":[{"taxonomy":"product_cat","embeddable":true,"href":"https:\/\/enlineabarcelona.com\/ca\/wp-json\/wp\/v2\/product_cat?post=14200"},{"taxonomy":"product_tag","embeddable":true,"href":"https:\/\/enlineabarcelona.com\/ca\/wp-json\/wp\/v2\/product_tag?post=14200"},{"taxonomy":"disenadores","embeddable":true,"href":"https:\/\/enlineabarcelona.com\/ca\/wp-json\/wp\/v2\/disenadores?post=14200"},{"taxonomy":"marca","embeddable":true,"href":"https:\/\/enlineabarcelona.com\/ca\/wp-json\/wp\/v2\/marca?post=14200"}],"curies":[{"name":"wp","href":"https:\/\/api.w.org\/{rel}","templated":true}]}}

Lámpara Duo

<p>La lámpara Duo fue concebida por André Ricard para “mesas de directivos”, considerando que estos analizaban muchos papeles y debían disponer de buena luz focal, pero también que recibían innumerables visitas, y que la vista de quienes se sentaran en las sillas de confidente no debía ser obstaculizada por una pantalla grande u ostentosa. Duo cumple con ambos propósitos a la perfección. Ilumina con proximidad y no interrumpe el horizonte visual.</p>



<p>El flujo lumínico es orientable por la rotación independiente de sus pantallas de vidrio, que pueden ser opacas para centrar la luz en la superficie de trabajo o traslúcidas para dar también una iluminación general.</p>

<p>La lámpara Duo fue concebida por André Ricard para “mesas de directivos”, considerando que estos analizaban muchos papeles y debían disponer de buena luz focal, pero también que recibían innumerables visitas, y que la vista de quienes se sentaran en las sillas de confidente no debía ser obstaculizada por una pantalla grande u ostentosa. Duo &#8230; <a title="Lámpara Duo" class="read-more" href="https://enlineabarcelona.com/ca/producto/duo/" aria-label="Més informació sobre Lámpara Duo">Llegiu més</a></p>
