{"id":14203,"date":"2025-10-27T11:19:44","date_gmt":"2025-10-27T11:19:44","guid":{"rendered":"https:\/\/enlineabarcelona.com\/producto\/lampara-lamina-45\/"},"modified":"2025-10-27T11:19:46","modified_gmt":"2025-10-27T11:19:46","slug":"lampara-lamina-45","status":"publish","type":"product","link":"https:\/\/enlineabarcelona.com\/ca\/producto\/lampara-lamina-45\/","title":{"rendered":"L\u00e1mpara L\u00e1mina 45"},"content":{"rendered":"\n<p>Un subrayado de luz bajo una fina l\u00e1mina blanca, en tenue pero eficaz levedad. Equilibrio entre poes\u00eda y raz\u00f3n, L\u00e1mina es un sistema que defiende las bondades de la luz reflejada mediante el uso de formas evidentes, en distintos formatos y con distintas pantallas que nada esconden y todo lo muestran.<\/p>\n","protected":false},"excerpt":{"rendered":"<p>Un subrayado de luz bajo una fina l\u00e1mina blanca, en tenue pero eficaz levedad. Equilibrio entre poes\u00eda y raz\u00f3n, L\u00e1mina es un sistema que defiende las bondades de la luz reflejada mediante el uso de formas evidentes, en distintos formatos y con distintas pantallas que nada esconden y todo lo muestran.<\/p>\n","protected":false},"featured_media":11480,"comment_status":"closed","ping_status":"open","template":"","meta":{"_acf_changed":false},"product_cat":[1156,1197],"product_tag":[],"disenadores":[1241],"marca":[1161],"class_list":{"0":"post-14203","1":"product","2":"type-product","3":"status-publish","4":"has-post-thumbnail","6":"product_cat-iluminacion","7":"product_cat-lamparas-de-suspension","8":"disenadores-antoni-arola","9":"marca-santa-cole","10":"sales-flash-overlay","11":"woocommerce-text-align-center","12":"woocommerce-image-align-center","13":"do-quantity-buttons","14":"wc-has-gallery","16":"first","17":"instock","18":"purchasable","19":"product-type-simple"},"acf":[],"_links":{"self":[{"href":"https:\/\/enlineabarcelona.com\/ca\/wp-json\/wp\/v2\/product\/14203","targetHints":{"allow":["GET"]}}],"collection":[{"href":"https:\/\/enlineabarcelona.com\/ca\/wp-json\/wp\/v2\/product"}],"about":[{"href":"https:\/\/enlineabarcelona.com\/ca\/wp-json\/wp\/v2\/types\/product"}],"replies":[{"embeddable":true,"href":"https:\/\/enlineabarcelona.com\/ca\/wp-json\/wp\/v2\/comments?post=14203"}],"wp:featuredmedia":[{"embeddable":true,"href":"https:\/\/enlineabarcelona.com\/ca\/wp-json\/wp\/v2\/media\/11480"}],"wp:attachment":[{"href":"https:\/\/enlineabarcelona.com\/ca\/wp-json\/wp\/v2\/media?parent=14203"}],"wp:term":[{"taxonomy":"product_cat","embeddable":true,"href":"https:\/\/enlineabarcelona.com\/ca\/wp-json\/wp\/v2\/product_cat?post=14203"},{"taxonomy":"product_tag","embeddable":true,"href":"https:\/\/enlineabarcelona.com\/ca\/wp-json\/wp\/v2\/product_tag?post=14203"},{"taxonomy":"disenadores","embeddable":true,"href":"https:\/\/enlineabarcelona.com\/ca\/wp-json\/wp\/v2\/disenadores?post=14203"},{"taxonomy":"marca","embeddable":true,"href":"https:\/\/enlineabarcelona.com\/ca\/wp-json\/wp\/v2\/marca?post=14203"}],"curies":[{"name":"wp","href":"https:\/\/api.w.org\/{rel}","templated":true}]}}

Lámpara Lámina 45

<p>Un subrayado de luz bajo una fina lámina blanca, en tenue pero eficaz levedad. Equilibrio entre poesía y razón, Lámina es un sistema que defiende las bondades de la luz reflejada mediante el uso de formas evidentes, en distintos formatos y con distintas pantallas que nada esconden y todo lo muestran.</p>
