{"id":14234,"date":"2025-10-27T11:19:59","date_gmt":"2025-10-27T11:19:59","guid":{"rendered":"https:\/\/enlineabarcelona.com\/producto\/lampara-lampe-gras-n201\/"},"modified":"2025-10-27T11:20:09","modified_gmt":"2025-10-27T11:20:09","slug":"lampara-lampe-gras-n201","status":"publish","type":"product","link":"https:\/\/enlineabarcelona.com\/ca\/producto\/lampara-lampe-gras-n201\/","title":{"rendered":"L\u00e1mpara Lampe Gras N\u00b0201"},"content":{"rendered":"\n<p>\u2116201 es emblem\u00e1tica de la serie. Los arquitectos fueron los primeros en enamorarse de esta l\u00e1mpara para utilizarla en sus oficinas. Una advertencia: la pinza no se adapta a escritorios de m\u00e1s de 3,5 cent\u00edmetros de grosor.<\/p>\n\n\n\n<p><\/p>\n","protected":false},"excerpt":{"rendered":"<p>\u2116201 es emblem\u00e1tica de la serie. Los arquitectos fueron los primeros en enamorarse de esta l\u00e1mpara para utilizarla en sus oficinas. Una advertencia: la pinza no se adapta a escritorios de m\u00e1s de 3,5 cent\u00edmetros de grosor.<\/p>\n","protected":false},"featured_media":11955,"comment_status":"closed","ping_status":"open","template":"","meta":{"_acf_changed":false},"product_cat":[1156],"product_tag":[],"disenadores":[1243],"marca":[1244],"class_list":{"0":"post-14234","1":"product","2":"type-product","3":"status-publish","4":"has-post-thumbnail","6":"product_cat-iluminacion","7":"disenadores-bernard-albin-gras","8":"marca-dcw-editions","9":"sales-flash-overlay","10":"woocommerce-text-align-center","11":"woocommerce-image-align-center","12":"do-quantity-buttons","13":"wc-has-gallery","15":"first","16":"instock","17":"purchasable","18":"product-type-simple"},"acf":[],"_links":{"self":[{"href":"https:\/\/enlineabarcelona.com\/ca\/wp-json\/wp\/v2\/product\/14234","targetHints":{"allow":["GET"]}}],"collection":[{"href":"https:\/\/enlineabarcelona.com\/ca\/wp-json\/wp\/v2\/product"}],"about":[{"href":"https:\/\/enlineabarcelona.com\/ca\/wp-json\/wp\/v2\/types\/product"}],"replies":[{"embeddable":true,"href":"https:\/\/enlineabarcelona.com\/ca\/wp-json\/wp\/v2\/comments?post=14234"}],"wp:featuredmedia":[{"embeddable":true,"href":"https:\/\/enlineabarcelona.com\/ca\/wp-json\/wp\/v2\/media\/11955"}],"wp:attachment":[{"href":"https:\/\/enlineabarcelona.com\/ca\/wp-json\/wp\/v2\/media?parent=14234"}],"wp:term":[{"taxonomy":"product_cat","embeddable":true,"href":"https:\/\/enlineabarcelona.com\/ca\/wp-json\/wp\/v2\/product_cat?post=14234"},{"taxonomy":"product_tag","embeddable":true,"href":"https:\/\/enlineabarcelona.com\/ca\/wp-json\/wp\/v2\/product_tag?post=14234"},{"taxonomy":"disenadores","embeddable":true,"href":"https:\/\/enlineabarcelona.com\/ca\/wp-json\/wp\/v2\/disenadores?post=14234"},{"taxonomy":"marca","embeddable":true,"href":"https:\/\/enlineabarcelona.com\/ca\/wp-json\/wp\/v2\/marca?post=14234"}],"curies":[{"name":"wp","href":"https:\/\/api.w.org\/{rel}","templated":true}]}}

Lámpara Lampe Gras N°201

<p>№201 es emblemática de la serie. Los arquitectos fueron los primeros en enamorarse de esta lámpara para utilizarla en sus oficinas. Una advertencia: la pinza no se adapta a escritorios de más de 3,5 centímetros de grosor.</p>



<p></p>

<p>№201 es emblemática de la serie. Los arquitectos fueron los primeros en enamorarse de esta lámpara para utilizarla en sus oficinas. Una advertencia: la pinza no se adapta a escritorios de más de 3,5 centímetros de grosor.</p>
