{"id":14252,"date":"2025-10-27T11:20:13","date_gmt":"2025-10-27T11:20:13","guid":{"rendered":"https:\/\/enlineabarcelona.com\/producto\/lampara-dalu\/"},"modified":"2025-10-27T11:20:24","modified_gmt":"2025-10-27T11:20:24","slug":"lampara-dalu","status":"publish","type":"product","link":"https:\/\/enlineabarcelona.com\/ca\/producto\/lampara-dalu\/","title":{"rendered":"L\u00e1mpara Dal\u00f9"},"content":{"rendered":"\n<p>Nueva edici\u00f3n de la luminaria a partir de los a\u00f1os sesenta dise\u00f1ados por Vico Magistretti, Dalu expresa el esp\u00edritu de nuestro tiempo. Est\u00e1 disponible en diferentes colores y acabados, aunque conservando su dise\u00f1o original inconfundible. La l\u00e1mpara se compone de un cuerpo hecho de material termopl\u00e1stico moldeado.<\/p>\n\n\n\n<p><\/p>\n","protected":false},"excerpt":{"rendered":"<p>Nueva edici\u00f3n de la luminaria a partir de los a\u00f1os sesenta dise\u00f1ados por Vico Magistretti, Dalu expresa el esp\u00edritu de nuestro tiempo. Est\u00e1 disponible en diferentes colores y acabados, aunque conservando su dise\u00f1o original inconfundible. La l\u00e1mpara se compone de un cuerpo hecho de material termopl\u00e1stico moldeado.<\/p>\n","protected":false},"featured_media":12228,"comment_status":"closed","ping_status":"open","template":"","meta":{"_acf_changed":false},"product_cat":[1156,1198],"product_tag":[],"disenadores":[886],"marca":[1159],"class_list":{"0":"post-14252","1":"product","2":"type-product","3":"status-publish","4":"has-post-thumbnail","6":"product_cat-iluminacion","7":"product_cat-lamparas-de-sobremesa","8":"disenadores-vico-magistretti","9":"marca-artemide-iluminando-vidas-con-arte-y-diseno","10":"sales-flash-overlay","11":"woocommerce-text-align-center","12":"woocommerce-image-align-center","13":"do-quantity-buttons","14":"wc-has-gallery","16":"first","17":"instock","18":"purchasable","19":"product-type-simple"},"acf":[],"_links":{"self":[{"href":"https:\/\/enlineabarcelona.com\/ca\/wp-json\/wp\/v2\/product\/14252","targetHints":{"allow":["GET"]}}],"collection":[{"href":"https:\/\/enlineabarcelona.com\/ca\/wp-json\/wp\/v2\/product"}],"about":[{"href":"https:\/\/enlineabarcelona.com\/ca\/wp-json\/wp\/v2\/types\/product"}],"replies":[{"embeddable":true,"href":"https:\/\/enlineabarcelona.com\/ca\/wp-json\/wp\/v2\/comments?post=14252"}],"wp:featuredmedia":[{"embeddable":true,"href":"https:\/\/enlineabarcelona.com\/ca\/wp-json\/wp\/v2\/media\/12228"}],"wp:attachment":[{"href":"https:\/\/enlineabarcelona.com\/ca\/wp-json\/wp\/v2\/media?parent=14252"}],"wp:term":[{"taxonomy":"product_cat","embeddable":true,"href":"https:\/\/enlineabarcelona.com\/ca\/wp-json\/wp\/v2\/product_cat?post=14252"},{"taxonomy":"product_tag","embeddable":true,"href":"https:\/\/enlineabarcelona.com\/ca\/wp-json\/wp\/v2\/product_tag?post=14252"},{"taxonomy":"disenadores","embeddable":true,"href":"https:\/\/enlineabarcelona.com\/ca\/wp-json\/wp\/v2\/disenadores?post=14252"},{"taxonomy":"marca","embeddable":true,"href":"https:\/\/enlineabarcelona.com\/ca\/wp-json\/wp\/v2\/marca?post=14252"}],"curies":[{"name":"wp","href":"https:\/\/api.w.org\/{rel}","templated":true}]}}

Lámpara Dalù

<p>Nueva edición de la luminaria a partir de los años sesenta diseñados por Vico Magistretti, Dalu expresa el espíritu de nuestro tiempo. Está disponible en diferentes colores y acabados, aunque conservando su diseño original inconfundible. La lámpara se compone de un cuerpo hecho de material termoplástico moldeado.</p>



<p></p>

<p>Nueva edición de la luminaria a partir de los años sesenta diseñados por Vico Magistretti, Dalu expresa el espíritu de nuestro tiempo. Está disponible en diferentes colores y acabados, aunque conservando su diseño original inconfundible. La lámpara se compone de un cuerpo hecho de material termoplástico moldeado.</p>
