{"id":14263,"date":"2025-10-27T11:20:31","date_gmt":"2025-10-27T11:20:31","guid":{"rendered":"https:\/\/enlineabarcelona.com\/producto\/lampara-sintesi\/"},"modified":"2025-10-27T11:20:33","modified_gmt":"2025-10-27T11:20:33","slug":"lampara-sintesi","status":"publish","type":"product","link":"https:\/\/enlineabarcelona.com\/ca\/producto\/lampara-sintesi\/","title":{"rendered":"L\u00e1mpara Sintesi"},"content":{"rendered":"\n<p>Presentada en 1975, Sintesi fue la primera l\u00e1mpara de Artemide firmada por su fundador, Ernesto Gismondi. Concebida como un sistema inteligente, se basa en componentes simples y compartidos que dan lugar a una familia de productos vers\u00e1tiles.<br>La versi\u00f3n de sobremesa, hoy reeditada, es el n\u00facleo a partir del cual se desarrolla todo el sistema.<\/p>\n\n\n\n<p>Su estructura es esencial pero ajustable en altura e inclinaci\u00f3n, compuesta por pocos elementos met\u00e1licos curvados. Dos perfiles en forma de \u201cC\u201d de diferente longitud forman un soporte en Y, que permite orientar la l\u00e1mpara mediante un simple movimiento de apertura y cierre.<\/p>\n\n\n\n<p>La fuente de luz est\u00e1 contenida en un marco que la sostiene y orienta, equipado con casquillo E27, lo que garantiza adaptabilidad en el tiempo. El marco tambi\u00e9n incorpora un reflector y una rejilla de protecci\u00f3n. Sintesi puede plegarse para un embalaje compacto. Su dise\u00f1o directo y funcional refleja el enfoque pr\u00e1ctico de Ernesto Gismondi, que combinaba visi\u00f3n t\u00e9cnica, eficiencia productiva y atenci\u00f3n a la calidad, dando forma a un icono atemporal.<\/p>\n\n\n\n<p><\/p>\n","protected":false},"excerpt":{"rendered":"<p>Presentada en 1975, Sintesi fue la primera l\u00e1mpara de Artemide firmada por su fundador, Ernesto Gismondi. Concebida como un sistema inteligente, se basa en componentes simples y compartidos que dan lugar a una familia de productos vers\u00e1tiles.La versi\u00f3n de sobremesa, hoy reeditada, es el n\u00facleo a partir del cual se desarrolla todo el sistema. Su &#8230; <a title=\"L\u00e1mpara Sintesi\" class=\"read-more\" href=\"https:\/\/enlineabarcelona.com\/ca\/producto\/lampara-sintesi\/\" aria-label=\"M\u00e9s informaci\u00f3 sobre L\u00e1mpara Sintesi\">Llegiu m\u00e9s<\/a><\/p>\n","protected":false},"featured_media":12380,"comment_status":"closed","ping_status":"open","template":"","meta":{"_acf_changed":false},"product_cat":[1156,1198],"product_tag":[],"disenadores":[1021],"marca":[1159],"class_list":{"0":"post-14263","1":"product","2":"type-product","3":"status-publish","4":"has-post-thumbnail","6":"product_cat-iluminacion","7":"product_cat-lamparas-de-sobremesa","8":"disenadores-ernesto-gismondi-en","9":"marca-artemide-iluminando-vidas-con-arte-y-diseno","10":"sales-flash-overlay","11":"woocommerce-text-align-center","12":"woocommerce-image-align-center","13":"do-quantity-buttons","14":"wc-has-gallery","16":"first","17":"instock","18":"product-type-simple"},"acf":[],"_links":{"self":[{"href":"https:\/\/enlineabarcelona.com\/ca\/wp-json\/wp\/v2\/product\/14263","targetHints":{"allow":["GET"]}}],"collection":[{"href":"https:\/\/enlineabarcelona.com\/ca\/wp-json\/wp\/v2\/product"}],"about":[{"href":"https:\/\/enlineabarcelona.com\/ca\/wp-json\/wp\/v2\/types\/product"}],"replies":[{"embeddable":true,"href":"https:\/\/enlineabarcelona.com\/ca\/wp-json\/wp\/v2\/comments?post=14263"}],"wp:featuredmedia":[{"embeddable":true,"href":"https:\/\/enlineabarcelona.com\/ca\/wp-json\/wp\/v2\/media\/12380"}],"wp:attachment":[{"href":"https:\/\/enlineabarcelona.com\/ca\/wp-json\/wp\/v2\/media?parent=14263"}],"wp:term":[{"taxonomy":"product_cat","embeddable":true,"href":"https:\/\/enlineabarcelona.com\/ca\/wp-json\/wp\/v2\/product_cat?post=14263"},{"taxonomy":"product_tag","embeddable":true,"href":"https:\/\/enlineabarcelona.com\/ca\/wp-json\/wp\/v2\/product_tag?post=14263"},{"taxonomy":"disenadores","embeddable":true,"href":"https:\/\/enlineabarcelona.com\/ca\/wp-json\/wp\/v2\/disenadores?post=14263"},{"taxonomy":"marca","embeddable":true,"href":"https:\/\/enlineabarcelona.com\/ca\/wp-json\/wp\/v2\/marca?post=14263"}],"curies":[{"name":"wp","href":"https:\/\/api.w.org\/{rel}","templated":true}]}}

Lámpara Sintesi

<p>Presentada en 1975, Sintesi fue la primera lámpara de Artemide firmada por su fundador, Ernesto Gismondi. Concebida como un sistema inteligente, se basa en componentes simples y compartidos que dan lugar a una familia de productos versátiles.<br>La versión de sobremesa, hoy reeditada, es el núcleo a partir del cual se desarrolla todo el sistema.</p>



<p>Su estructura es esencial pero ajustable en altura e inclinación, compuesta por pocos elementos metálicos curvados. Dos perfiles en forma de “C” de diferente longitud forman un soporte en Y, que permite orientar la lámpara mediante un simple movimiento de apertura y cierre.</p>



<p>La fuente de luz está contenida en un marco que la sostiene y orienta, equipado con casquillo E27, lo que garantiza adaptabilidad en el tiempo. El marco también incorpora un reflector y una rejilla de protección. Sintesi puede plegarse para un embalaje compacto. Su diseño directo y funcional refleja el enfoque práctico de Ernesto Gismondi, que combinaba visión técnica, eficiencia productiva y atención a la calidad, dando forma a un icono atemporal.</p>



<p></p>

<p>Presentada en 1975, Sintesi fue la primera lámpara de Artemide firmada por su fundador, Ernesto Gismondi. Concebida como un sistema inteligente, se basa en componentes simples y compartidos que dan lugar a una familia de productos versátiles.La versión de sobremesa, hoy reeditada, es el núcleo a partir del cual se desarrolla todo el sistema. Su &#8230; <a title="Lámpara Sintesi" class="read-more" href="https://enlineabarcelona.com/ca/producto/lampara-sintesi/" aria-label="Més informació sobre Lámpara Sintesi">Llegiu més</a></p>
