{"id":14265,"date":"2025-10-27T11:20:31","date_gmt":"2025-10-27T11:20:31","guid":{"rendered":"https:\/\/enlineabarcelona.com\/producto\/aplique-teti\/"},"modified":"2025-10-27T11:20:34","modified_gmt":"2025-10-27T11:20:34","slug":"aplique-teti","status":"publish","type":"product","link":"https:\/\/enlineabarcelona.com\/ca\/producto\/aplique-teti\/","title":{"rendered":"Aplique Teti"},"content":{"rendered":"\n<p>Teti es una l\u00e1mpara ic\u00f3nica dise\u00f1ada por Vico Magistretti en 1970, que encarna la sencillez y la elegancia atemporal. Fabricada en material termopl\u00e1stico, su estructura esencial permite un uso vers\u00e1til como l\u00e1mpara de techo o de pared, adapt\u00e1ndose perfectamente a cualquier espacio. Las l\u00edneas limpias de Teti resaltan la fuente de luz, ofreciendo una luz difusa y envolvente que realza la habitaci\u00f3n sin sobrecargarla.<\/p>\n\n\n\n<p>Disponible en varias opciones de color, Teti representa un equilibrio perfecto entre dise\u00f1o y funcionalidad, ideal para quienes buscan una iluminaci\u00f3n minimalista. Gracias a su car\u00e1cter discreto y a la calidad de sus materiales, Teti se adapta tanto a proyectos residenciales como comerciales, convirti\u00e9ndose en un elemento distintivo en cualquier ambiente.<\/p>\n\n\n\n<p>Su dise\u00f1o sencillo e ic\u00f3nico revela una inteligencia modular, que lo hace perfecto para componer libremente grupos y secuencias de elementos.<\/p>\n\n\n\n<p><\/p>\n","protected":false},"excerpt":{"rendered":"<p>Teti es una l\u00e1mpara ic\u00f3nica dise\u00f1ada por Vico Magistretti en 1970, que encarna la sencillez y la elegancia atemporal. Fabricada en material termopl\u00e1stico, su estructura esencial permite un uso vers\u00e1til como l\u00e1mpara de techo o de pared, adapt\u00e1ndose perfectamente a cualquier espacio. Las l\u00edneas limpias de Teti resaltan la fuente de luz, ofreciendo una luz &#8230; <a title=\"Aplique Teti\" class=\"read-more\" href=\"https:\/\/enlineabarcelona.com\/ca\/producto\/aplique-teti\/\" aria-label=\"M\u00e9s informaci\u00f3 sobre Aplique Teti\">Llegiu m\u00e9s<\/a><\/p>\n","protected":false},"featured_media":12406,"comment_status":"closed","ping_status":"open","template":"","meta":{"_acf_changed":false},"product_cat":[1199,1156],"product_tag":[],"disenadores":[886],"marca":[1159],"class_list":{"0":"post-14265","1":"product","2":"type-product","3":"status-publish","4":"has-post-thumbnail","6":"product_cat-apliques","7":"product_cat-iluminacion","8":"disenadores-vico-magistretti","9":"marca-artemide-iluminando-vidas-con-arte-y-diseno","10":"sales-flash-overlay","11":"woocommerce-text-align-center","12":"woocommerce-image-align-center","13":"do-quantity-buttons","14":"wc-has-gallery","16":"first","17":"instock","18":"purchasable","19":"product-type-simple"},"acf":[],"_links":{"self":[{"href":"https:\/\/enlineabarcelona.com\/ca\/wp-json\/wp\/v2\/product\/14265","targetHints":{"allow":["GET"]}}],"collection":[{"href":"https:\/\/enlineabarcelona.com\/ca\/wp-json\/wp\/v2\/product"}],"about":[{"href":"https:\/\/enlineabarcelona.com\/ca\/wp-json\/wp\/v2\/types\/product"}],"replies":[{"embeddable":true,"href":"https:\/\/enlineabarcelona.com\/ca\/wp-json\/wp\/v2\/comments?post=14265"}],"wp:featuredmedia":[{"embeddable":true,"href":"https:\/\/enlineabarcelona.com\/ca\/wp-json\/wp\/v2\/media\/12406"}],"wp:attachment":[{"href":"https:\/\/enlineabarcelona.com\/ca\/wp-json\/wp\/v2\/media?parent=14265"}],"wp:term":[{"taxonomy":"product_cat","embeddable":true,"href":"https:\/\/enlineabarcelona.com\/ca\/wp-json\/wp\/v2\/product_cat?post=14265"},{"taxonomy":"product_tag","embeddable":true,"href":"https:\/\/enlineabarcelona.com\/ca\/wp-json\/wp\/v2\/product_tag?post=14265"},{"taxonomy":"disenadores","embeddable":true,"href":"https:\/\/enlineabarcelona.com\/ca\/wp-json\/wp\/v2\/disenadores?post=14265"},{"taxonomy":"marca","embeddable":true,"href":"https:\/\/enlineabarcelona.com\/ca\/wp-json\/wp\/v2\/marca?post=14265"}],"curies":[{"name":"wp","href":"https:\/\/api.w.org\/{rel}","templated":true}]}}

<p>Teti es una lámpara icónica diseñada por Vico Magistretti en 1970, que encarna la sencillez y la elegancia atemporal. Fabricada en material termoplástico, su estructura esencial permite un uso versátil como lámpara de techo o de pared, adaptándose perfectamente a cualquier espacio. Las líneas limpias de Teti resaltan la fuente de luz, ofreciendo una luz difusa y envolvente que realza la habitación sin sobrecargarla.</p>



<p>Disponible en varias opciones de color, Teti representa un equilibrio perfecto entre diseño y funcionalidad, ideal para quienes buscan una iluminación minimalista. Gracias a su carácter discreto y a la calidad de sus materiales, Teti se adapta tanto a proyectos residenciales como comerciales, convirtiéndose en un elemento distintivo en cualquier ambiente.</p>



<p>Su diseño sencillo e icónico revela una inteligencia modular, que lo hace perfecto para componer libremente grupos y secuencias de elementos.</p>



<p></p>

<p>Teti es una lámpara icónica diseñada por Vico Magistretti en 1970, que encarna la sencillez y la elegancia atemporal. Fabricada en material termoplástico, su estructura esencial permite un uso versátil como lámpara de techo o de pared, adaptándose perfectamente a cualquier espacio. Las líneas limpias de Teti resaltan la fuente de luz, ofreciendo una luz &#8230; <a title="Aplique Teti" class="read-more" href="https://enlineabarcelona.com/ca/producto/aplique-teti/" aria-label="Més informació sobre Aplique Teti">Llegiu més</a></p>
