{"id":14302,"date":"2025-10-27T11:21:01","date_gmt":"2025-10-27T11:21:01","guid":{"rendered":"https:\/\/enlineabarcelona.com\/producto\/sillon-loden-club-edicion-red-sixties\/"},"modified":"2025-10-27T11:21:02","modified_gmt":"2025-10-27T11:21:02","slug":"sillon-loden-club-edicion-red-sixties","status":"publish","type":"product","link":"https:\/\/enlineabarcelona.com\/ca\/producto\/sillon-loden-club-edicion-red-sixties\/","title":{"rendered":"Sill\u00f3n Loden Club &#8211; Edici\u00f3n RED Sixties"},"content":{"rendered":"\n<p>Loden es una serie compuesta por un sill\u00f3n y un sof\u00e1 con estructura de madera lacada con cuatro patas de secci\u00f3n cil\u00edndrica y asiento inclinado, tambi\u00e9n de madera, con reposabrazos curvados cuyo dise\u00f1o es similar al perfil de los reposabrazos de las sillas Carimate. El asiento y el respaldo est\u00e1n tapizados en tela.<\/p>\n","protected":false},"excerpt":{"rendered":"<p>Loden es una serie compuesta por un sill\u00f3n y un sof\u00e1 con estructura de madera lacada con cuatro patas de secci\u00f3n cil\u00edndrica y asiento inclinado, tambi\u00e9n de madera, con reposabrazos curvados cuyo dise\u00f1o es similar al perfil de los reposabrazos de las sillas Carimate. El asiento y el respaldo est\u00e1n tapizados en tela.<\/p>\n","protected":false},"featured_media":12890,"comment_status":"closed","ping_status":"open","template":"","meta":{"_acf_changed":false},"product_cat":[1145,298],"product_tag":[],"disenadores":[886],"marca":[1261],"class_list":{"0":"post-14302","1":"product","2":"type-product","3":"status-publish","4":"has-post-thumbnail","6":"product_cat-butacas","7":"product_cat-mobiliario","8":"disenadores-vico-magistretti","9":"marca-kettal","10":"sales-flash-overlay","11":"woocommerce-text-align-center","12":"woocommerce-image-align-center","13":"do-quantity-buttons","14":"wc-has-gallery","16":"first","17":"instock","18":"product-type-simple"},"acf":[],"_links":{"self":[{"href":"https:\/\/enlineabarcelona.com\/ca\/wp-json\/wp\/v2\/product\/14302","targetHints":{"allow":["GET"]}}],"collection":[{"href":"https:\/\/enlineabarcelona.com\/ca\/wp-json\/wp\/v2\/product"}],"about":[{"href":"https:\/\/enlineabarcelona.com\/ca\/wp-json\/wp\/v2\/types\/product"}],"replies":[{"embeddable":true,"href":"https:\/\/enlineabarcelona.com\/ca\/wp-json\/wp\/v2\/comments?post=14302"}],"wp:featuredmedia":[{"embeddable":true,"href":"https:\/\/enlineabarcelona.com\/ca\/wp-json\/wp\/v2\/media\/12890"}],"wp:attachment":[{"href":"https:\/\/enlineabarcelona.com\/ca\/wp-json\/wp\/v2\/media?parent=14302"}],"wp:term":[{"taxonomy":"product_cat","embeddable":true,"href":"https:\/\/enlineabarcelona.com\/ca\/wp-json\/wp\/v2\/product_cat?post=14302"},{"taxonomy":"product_tag","embeddable":true,"href":"https:\/\/enlineabarcelona.com\/ca\/wp-json\/wp\/v2\/product_tag?post=14302"},{"taxonomy":"disenadores","embeddable":true,"href":"https:\/\/enlineabarcelona.com\/ca\/wp-json\/wp\/v2\/disenadores?post=14302"},{"taxonomy":"marca","embeddable":true,"href":"https:\/\/enlineabarcelona.com\/ca\/wp-json\/wp\/v2\/marca?post=14302"}],"curies":[{"name":"wp","href":"https:\/\/api.w.org\/{rel}","templated":true}]}}

Sillón Loden Club &#8211; Edición RED Sixties

<p>Loden es una serie compuesta por un sillón y un sofá con estructura de madera lacada con cuatro patas de sección cilíndrica y asiento inclinado, también de madera, con reposabrazos curvados cuyo diseño es similar al perfil de los reposabrazos de las sillas Carimate. El asiento y el respaldo están tapizados en tela.</p>
