{"id":14303,"date":"2025-10-27T11:21:01","date_gmt":"2025-10-27T11:21:01","guid":{"rendered":"https:\/\/enlineabarcelona.com\/producto\/aplique-giratorio-de-dos-brazos\/"},"modified":"2025-10-27T11:21:03","modified_gmt":"2025-10-27T11:21:03","slug":"aplique-giratorio-de-dos-brazos","status":"publish","type":"product","link":"https:\/\/enlineabarcelona.com\/ca\/producto\/aplique-giratorio-de-dos-brazos\/","title":{"rendered":"Aplique giratorio de dos brazos"},"content":{"rendered":"\n<p>El aplique de pared giratorio de dos brazos de Serge Mouille, dise\u00f1ado en 1953, es un icono del dise\u00f1o moderno. Con una estructura de acero pintado y reflectores de aluminio con interior blanco, incorpora detalles en lat\u00f3n que permiten la rotaci\u00f3n independiente de sus dos brazos, uno recto y otro curvado, ofreciendo una gran flexibilidad de orientaci\u00f3n. Su est\u00e9tica minimalista y org\u00e1nica, inspirada en la anatom\u00eda de los insectos, representa una respuesta elegante y ligera frente a las l\u00e1mparas ornamentadas de su \u00e9poca, convirti\u00e9ndose en una pieza escultural y funcional ideal para espacios contempor\u00e1neos.<\/p>\n","protected":false},"excerpt":{"rendered":"<p>El aplique de pared giratorio de dos brazos de Serge Mouille, dise\u00f1ado en 1953, es un icono del dise\u00f1o moderno. Con una estructura de acero pintado y reflectores de aluminio con interior blanco, incorpora detalles en lat\u00f3n que permiten la rotaci\u00f3n independiente de sus dos brazos, uno recto y otro curvado, ofreciendo una gran flexibilidad &#8230; <a title=\"Aplique giratorio de dos brazos\" class=\"read-more\" href=\"https:\/\/enlineabarcelona.com\/ca\/producto\/aplique-giratorio-de-dos-brazos\/\" aria-label=\"M\u00e9s informaci\u00f3 sobre Aplique giratorio de dos brazos\">Llegiu m\u00e9s<\/a><\/p>\n","protected":false},"featured_media":12903,"comment_status":"closed","ping_status":"open","template":"","meta":{"_acf_changed":false},"product_cat":[1199,1156],"product_tag":[],"disenadores":[752],"marca":[1262],"class_list":{"0":"post-14303","1":"product","2":"type-product","3":"status-publish","4":"has-post-thumbnail","6":"product_cat-apliques","7":"product_cat-iluminacion","8":"disenadores-serge-mouille","9":"marca-serge-mouille","10":"sales-flash-overlay","11":"woocommerce-text-align-center","12":"woocommerce-image-align-center","13":"do-quantity-buttons","15":"first","16":"instock","17":"product-type-simple"},"acf":[],"_links":{"self":[{"href":"https:\/\/enlineabarcelona.com\/ca\/wp-json\/wp\/v2\/product\/14303","targetHints":{"allow":["GET"]}}],"collection":[{"href":"https:\/\/enlineabarcelona.com\/ca\/wp-json\/wp\/v2\/product"}],"about":[{"href":"https:\/\/enlineabarcelona.com\/ca\/wp-json\/wp\/v2\/types\/product"}],"replies":[{"embeddable":true,"href":"https:\/\/enlineabarcelona.com\/ca\/wp-json\/wp\/v2\/comments?post=14303"}],"wp:featuredmedia":[{"embeddable":true,"href":"https:\/\/enlineabarcelona.com\/ca\/wp-json\/wp\/v2\/media\/12903"}],"wp:attachment":[{"href":"https:\/\/enlineabarcelona.com\/ca\/wp-json\/wp\/v2\/media?parent=14303"}],"wp:term":[{"taxonomy":"product_cat","embeddable":true,"href":"https:\/\/enlineabarcelona.com\/ca\/wp-json\/wp\/v2\/product_cat?post=14303"},{"taxonomy":"product_tag","embeddable":true,"href":"https:\/\/enlineabarcelona.com\/ca\/wp-json\/wp\/v2\/product_tag?post=14303"},{"taxonomy":"disenadores","embeddable":true,"href":"https:\/\/enlineabarcelona.com\/ca\/wp-json\/wp\/v2\/disenadores?post=14303"},{"taxonomy":"marca","embeddable":true,"href":"https:\/\/enlineabarcelona.com\/ca\/wp-json\/wp\/v2\/marca?post=14303"}],"curies":[{"name":"wp","href":"https:\/\/api.w.org\/{rel}","templated":true}]}}

<p>El aplique de pared giratorio de dos brazos de Serge Mouille, diseñado en 1953, es un icono del diseño moderno. Con una estructura de acero pintado y reflectores de aluminio con interior blanco, incorpora detalles en latón que permiten la rotación independiente de sus dos brazos, uno recto y otro curvado, ofreciendo una gran flexibilidad de orientación. Su estética minimalista y orgánica, inspirada en la anatomía de los insectos, representa una respuesta elegante y ligera frente a las lámparas ornamentadas de su época, convirtiéndose en una pieza escultural y funcional ideal para espacios contemporáneos.</p>

<p>El aplique de pared giratorio de dos brazos de Serge Mouille, diseñado en 1953, es un icono del diseño moderno. Con una estructura de acero pintado y reflectores de aluminio con interior blanco, incorpora detalles en latón que permiten la rotación independiente de sus dos brazos, uno recto y otro curvado, ofreciendo una gran flexibilidad &#8230; <a title="Aplique giratorio de dos brazos" class="read-more" href="https://enlineabarcelona.com/ca/producto/aplique-giratorio-de-dos-brazos/" aria-label="Més informació sobre Aplique giratorio de dos brazos">Llegiu més</a></p>
