{"id":15054,"date":"2025-10-27T11:12:28","date_gmt":"2025-10-27T11:12:28","guid":{"rendered":"https:\/\/enlineabarcelona.com\/producto\/gary\/"},"modified":"2025-10-27T15:43:05","modified_gmt":"2025-10-27T15:43:05","slug":"gary","status":"publish","type":"product","link":"https:\/\/enlineabarcelona.com\/ca\/producto\/gary\/","title":{"rendered":"GARY"},"content":{"rendered":"<p>Sof\u00e0 llit doble. Tancat \u00e9s un sof\u00e0 de l\u00ednies elegants, amb la comoditat caracter\u00edstica de Flexform. El llit s&#8217;extreu f\u00e0cilment mitjan\u00e7ant un moviment mec\u00e0nic. Tindrem un llit amb matal\u00e0s de poliuret\u00e0 de 160 x 200 cms.<\/p>\n","protected":false},"excerpt":{"rendered":"<p>Sof\u00e0 llit doble. Tancat \u00e9s un sof\u00e0 de l\u00ednies elegants, amb la comoditat caracter\u00edstica de Flexform. El llit s&#8217;extreu f\u00e0cilment mitjan\u00e7ant un moviment mec\u00e0nic. Tindrem un llit amb matal\u00e0s de poliuret\u00e0 de 160 x 200 cms.<\/p>\n","protected":false},"featured_media":4617,"comment_status":"closed","ping_status":"open","template":"","meta":{"_acf_changed":false},"product_cat":[1134,1298],"product_tag":[],"disenadores":[],"marca":[],"class_list":{"0":"post-15054","1":"product","2":"type-product","3":"status-publish","4":"has-post-thumbnail","6":"product_cat-mobiliari","7":"product_cat-sofas","8":"sales-flash-overlay","9":"woocommerce-text-align-center","10":"woocommerce-image-align-center","11":"do-quantity-buttons","12":"wc-has-gallery","14":"first","15":"instock","16":"purchasable","17":"product-type-simple"},"acf":[],"_links":{"self":[{"href":"https:\/\/enlineabarcelona.com\/ca\/wp-json\/wp\/v2\/product\/15054","targetHints":{"allow":["GET"]}}],"collection":[{"href":"https:\/\/enlineabarcelona.com\/ca\/wp-json\/wp\/v2\/product"}],"about":[{"href":"https:\/\/enlineabarcelona.com\/ca\/wp-json\/wp\/v2\/types\/product"}],"replies":[{"embeddable":true,"href":"https:\/\/enlineabarcelona.com\/ca\/wp-json\/wp\/v2\/comments?post=15054"}],"wp:featuredmedia":[{"embeddable":true,"href":"https:\/\/enlineabarcelona.com\/ca\/wp-json\/wp\/v2\/media\/4617"}],"wp:attachment":[{"href":"https:\/\/enlineabarcelona.com\/ca\/wp-json\/wp\/v2\/media?parent=15054"}],"wp:term":[{"taxonomy":"product_cat","embeddable":true,"href":"https:\/\/enlineabarcelona.com\/ca\/wp-json\/wp\/v2\/product_cat?post=15054"},{"taxonomy":"product_tag","embeddable":true,"href":"https:\/\/enlineabarcelona.com\/ca\/wp-json\/wp\/v2\/product_tag?post=15054"},{"taxonomy":"disenadores","embeddable":true,"href":"https:\/\/enlineabarcelona.com\/ca\/wp-json\/wp\/v2\/disenadores?post=15054"},{"taxonomy":"marca","embeddable":true,"href":"https:\/\/enlineabarcelona.com\/ca\/wp-json\/wp\/v2\/marca?post=15054"}],"curies":[{"name":"wp","href":"https:\/\/api.w.org\/{rel}","templated":true}]}}

<p>Sofà llit doble. Tancat és un sofà de línies elegants, amb la comoditat característica de Flexform. El llit s&#8217;extreu fàcilment mitjançant un moviment mecànic. Tindrem un llit amb matalàs de poliuretà de 160 x 200 cms.</p>
