{"id":15136,"date":"2025-10-27T11:15:00","date_gmt":"2025-10-27T11:15:00","guid":{"rendered":"https:\/\/enlineabarcelona.com\/producto\/atollo\/"},"modified":"2025-10-27T15:45:49","modified_gmt":"2025-10-27T15:45:49","slug":"atollo","status":"publish","type":"product","link":"https:\/\/enlineabarcelona.com\/ca\/producto\/atollo\/","title":{"rendered":"ATOLLO"},"content":{"rendered":"<p>Llum de sobretaula. De llum directa i difusa. Es deslliga de les modes del moment, la l\u00e0mpada atollo \u00e9s una icona del disseny itali\u00e0, gr\u00e0cies a les 3 formes geom\u00e8triques que la componen: el cilindre, el con i la semiesfera, que fan d&#8217;ella un producte decoratiu i funcional alhora.<\/p>\n","protected":false},"excerpt":{"rendered":"<p>Llum de sobretaula. De llum directa i difusa. Es deslliga de les modes del moment, la l\u00e0mpada atollo \u00e9s una icona del disseny itali\u00e0, gr\u00e0cies a les 3 formes geom\u00e8triques que la componen: el cilindre, el con i la semiesfera, que fan d&#8217;ella un producte decoratiu i funcional alhora.<\/p>\n","protected":false},"featured_media":6307,"comment_status":"closed","ping_status":"open","template":"","meta":{"_acf_changed":false},"product_cat":[1357],"product_tag":[],"disenadores":[1280],"marca":[1359],"class_list":{"0":"post-15136","1":"product","2":"type-product","3":"status-publish","4":"has-post-thumbnail","6":"product_cat-illuminacio","7":"disenadores-vico-magistrettivico-magistretti","8":"marca-oluceoluce","9":"sales-flash-overlay","10":"woocommerce-text-align-center","11":"woocommerce-image-align-center","12":"do-quantity-buttons","13":"wc-has-gallery","15":"first","16":"instock","17":"purchasable","18":"product-type-simple"},"acf":[],"_links":{"self":[{"href":"https:\/\/enlineabarcelona.com\/ca\/wp-json\/wp\/v2\/product\/15136","targetHints":{"allow":["GET"]}}],"collection":[{"href":"https:\/\/enlineabarcelona.com\/ca\/wp-json\/wp\/v2\/product"}],"about":[{"href":"https:\/\/enlineabarcelona.com\/ca\/wp-json\/wp\/v2\/types\/product"}],"replies":[{"embeddable":true,"href":"https:\/\/enlineabarcelona.com\/ca\/wp-json\/wp\/v2\/comments?post=15136"}],"wp:featuredmedia":[{"embeddable":true,"href":"https:\/\/enlineabarcelona.com\/ca\/wp-json\/wp\/v2\/media\/6307"}],"wp:attachment":[{"href":"https:\/\/enlineabarcelona.com\/ca\/wp-json\/wp\/v2\/media?parent=15136"}],"wp:term":[{"taxonomy":"product_cat","embeddable":true,"href":"https:\/\/enlineabarcelona.com\/ca\/wp-json\/wp\/v2\/product_cat?post=15136"},{"taxonomy":"product_tag","embeddable":true,"href":"https:\/\/enlineabarcelona.com\/ca\/wp-json\/wp\/v2\/product_tag?post=15136"},{"taxonomy":"disenadores","embeddable":true,"href":"https:\/\/enlineabarcelona.com\/ca\/wp-json\/wp\/v2\/disenadores?post=15136"},{"taxonomy":"marca","embeddable":true,"href":"https:\/\/enlineabarcelona.com\/ca\/wp-json\/wp\/v2\/marca?post=15136"}],"curies":[{"name":"wp","href":"https:\/\/api.w.org\/{rel}","templated":true}]}}

<p>Llum de sobretaula. De llum directa i difusa. Es deslliga de les modes del moment, la làmpada atollo és una icona del disseny italià, gràcies a les 3 formes geomètriques que la componen: el cilindre, el con i la semiesfera, que fan d&#8217;ella un producte decoratiu i funcional alhora.</p>
