{"id":15213,"date":"2025-10-27T11:16:10","date_gmt":"2025-10-27T11:16:10","guid":{"rendered":"https:\/\/enlineabarcelona.com\/producto\/in-vitro-unplugged\/"},"modified":"2025-10-27T17:22:44","modified_gmt":"2025-10-27T17:22:44","slug":"in-vitro-unplugged","status":"publish","type":"product","link":"https:\/\/enlineabarcelona.com\/ca\/producto\/in-vitro-unplugged\/","title":{"rendered":"IN VITRO UNPLUGGED"},"content":{"rendered":"\n<p><a href=\"https:\/\/flos.com\/es\/es\/in-vitro-unplugged\/M-in-vitro-unplugged.html\" target=\"_blank\" rel=\"noopener\"><\/a><\/p>\n\n<p><a href=\"https:\/\/flos.com\/es\/es\/in-vitro-unplugged\/M-in-vitro-unplugged.html\" target=\"_blank\" rel=\"noopener\"><\/a><\/p>\n\n<p><a href=\"https:\/\/flos.com\/es\/es\/in-vitro-unplugged\/M-in-vitro-unplugged.html\" target=\"_blank\" rel=\"noopener\"><\/a><\/p>\n<p>El cuerpo est\u00e1 lacado con polvo y est\u00e1 disponible en diversos acabados.Fuente luminosa de LED integrada con tecnolog\u00eda \u00f3ptica Edge Lighting para garantizar una perfecta uniformidad luminosa.Versi\u00f3n port\u00e1til dotada de asa para el transporte. Controlador regulable en intensidad. Recargable con cable micro USB-C de 120 cm de largo, que garantiza una emisi\u00f3n continua de hasta seis horas.<\/p>\n","protected":false},"excerpt":{"rendered":"<p>El cuerpo est\u00e1 lacado con polvo y est\u00e1 disponible en diversos acabados.Fuente luminosa de LED integrada con tecnolog\u00eda \u00f3ptica Edge Lighting para garantizar una perfecta uniformidad luminosa.Versi\u00f3n port\u00e1til dotada de asa para el transporte. Controlador regulable en intensidad. Recargable con cable micro USB-C de 120 cm de largo, que garantiza una emisi\u00f3n continua de hasta &#8230; <a title=\"IN VITRO UNPLUGGED\" class=\"read-more\" href=\"https:\/\/enlineabarcelona.com\/ca\/producto\/in-vitro-unplugged\/\" aria-label=\"M\u00e9s informaci\u00f3 sobre IN VITRO UNPLUGGED\">Llegiu m\u00e9s<\/a><\/p>\n","protected":false},"featured_media":7436,"comment_status":"closed","ping_status":"open","template":"","meta":{"_acf_changed":false},"product_cat":[1405,1433],"product_tag":[],"disenadores":[1435],"marca":[],"class_list":{"0":"post-15213","1":"product","2":"type-product","3":"status-publish","4":"has-post-thumbnail","6":"product_cat-exterior","7":"product_cat-illuminacio","8":"disenadores-philippe-starckphilippe-starck","9":"sales-flash-overlay","10":"woocommerce-text-align-center","11":"woocommerce-image-align-center","12":"do-quantity-buttons","13":"wc-has-gallery","15":"first","16":"instock","17":"purchasable","18":"product-type-simple"},"acf":[],"_links":{"self":[{"href":"https:\/\/enlineabarcelona.com\/ca\/wp-json\/wp\/v2\/product\/15213","targetHints":{"allow":["GET"]}}],"collection":[{"href":"https:\/\/enlineabarcelona.com\/ca\/wp-json\/wp\/v2\/product"}],"about":[{"href":"https:\/\/enlineabarcelona.com\/ca\/wp-json\/wp\/v2\/types\/product"}],"replies":[{"embeddable":true,"href":"https:\/\/enlineabarcelona.com\/ca\/wp-json\/wp\/v2\/comments?post=15213"}],"wp:featuredmedia":[{"embeddable":true,"href":"https:\/\/enlineabarcelona.com\/ca\/wp-json\/wp\/v2\/media\/7436"}],"wp:attachment":[{"href":"https:\/\/enlineabarcelona.com\/ca\/wp-json\/wp\/v2\/media?parent=15213"}],"wp:term":[{"taxonomy":"product_cat","embeddable":true,"href":"https:\/\/enlineabarcelona.com\/ca\/wp-json\/wp\/v2\/product_cat?post=15213"},{"taxonomy":"product_tag","embeddable":true,"href":"https:\/\/enlineabarcelona.com\/ca\/wp-json\/wp\/v2\/product_tag?post=15213"},{"taxonomy":"disenadores","embeddable":true,"href":"https:\/\/enlineabarcelona.com\/ca\/wp-json\/wp\/v2\/disenadores?post=15213"},{"taxonomy":"marca","embeddable":true,"href":"https:\/\/enlineabarcelona.com\/ca\/wp-json\/wp\/v2\/marca?post=15213"}],"curies":[{"name":"wp","href":"https:\/\/api.w.org\/{rel}","templated":true}]}}

<p><a href="https://flos.com/es/es/in-vitro-unplugged/M-in-vitro-unplugged.html" target="_blank" rel="noopener"></a></p>

<p><a href="https://flos.com/es/es/in-vitro-unplugged/M-in-vitro-unplugged.html" target="_blank" rel="noopener"></a></p>

<p><a href="https://flos.com/es/es/in-vitro-unplugged/M-in-vitro-unplugged.html" target="_blank" rel="noopener"></a></p>
<p>El cuerpo está lacado con polvo y está disponible en diversos acabados.Fuente luminosa de LED integrada con tecnología óptica Edge Lighting para garantizar una perfecta uniformidad luminosa.Versión portátil dotada de asa para el transporte. Controlador regulable en intensidad. Recargable con cable micro USB-C de 120 cm de largo, que garantiza una emisión continua de hasta seis horas.</p>

<p>El cuerpo está lacado con polvo y está disponible en diversos acabados.Fuente luminosa de LED integrada con tecnología óptica Edge Lighting para garantizar una perfecta uniformidad luminosa.Versión portátil dotada de asa para el transporte. Controlador regulable en intensidad. Recargable con cable micro USB-C de 120 cm de largo, que garantiza una emisión continua de hasta &#8230; <a title="IN VITRO UNPLUGGED" class="read-more" href="https://enlineabarcelona.com/ca/producto/in-vitro-unplugged/" aria-label="Més informació sobre IN VITRO UNPLUGGED">Llegiu més</a></p>
