{"id":17172,"date":"2025-12-02T11:35:01","date_gmt":"2025-12-02T11:35:01","guid":{"rendered":"https:\/\/enlineabarcelona.com\/?post_type=product&#038;p=17172"},"modified":"2025-12-02T11:35:01","modified_gmt":"2025-12-02T11:35:01","slug":"cama-icon","status":"publish","type":"product","link":"https:\/\/enlineabarcelona.com\/ca\/producto\/cama-icon\/","title":{"rendered":"Cama Icon"},"content":{"rendered":"<p class=\"textBlock__subtitle\">Cama de matrimonio con un dise\u00f1o elegante y esencial que esconde un alma suave y acogedora.<\/p>\n<p class=\"textBlock__desc\">Dise\u00f1o fuerte y resuelto para una cama de matrimonio cuyo car\u00e1cter masculino, alejado de las l\u00edneas fr\u00edas y minimalistas, est\u00e1 embellecido por la destacada componente textil. La cabecera suavemente acolchada, revestida como la base con tejido o piel desenfundables, crea un contraste agradable con los refinados detalles en metal situados coincidiendo con los pies de apoyo.<\/p>\n<p class=\"textBlock__desc\">El somier est\u00e1 disponible con lamas regulables o con movimiento el\u00e9ctrico. Lujo y comodidad son el punto principal de una cama que ofrece proporciones perfectas, a la que a\u00f1aden un mayor toque de elegancia las costuras de la cabecera realizadas de forma maestra con mano de sastre.<\/p>\n","protected":false},"excerpt":{"rendered":"<p>Cama de matrimonio con un dise\u00f1o elegante y esencial que esconde un alma suave y acogedora. Dise\u00f1o fuerte y resuelto para una cama de matrimonio cuyo car\u00e1cter masculino, alejado de las l\u00edneas fr\u00edas y minimalistas, est\u00e1 embellecido por la destacada componente textil. La cabecera suavemente acolchada, revestida como la base con tejido o piel desenfundables, &#8230; <a title=\"Cama Icon\" class=\"read-more\" href=\"https:\/\/enlineabarcelona.com\/ca\/producto\/cama-icon\/\" aria-label=\"M\u00e9s informaci\u00f3 sobre Cama Icon\">Llegiu m\u00e9s<\/a><\/p>\n","protected":false},"featured_media":17176,"comment_status":"closed","ping_status":"closed","template":"","meta":{"_acf_changed":false},"product_cat":[301],"product_tag":[],"disenadores":[1905],"marca":[],"class_list":{"0":"post-17172","1":"product","2":"type-product","3":"status-publish","4":"has-post-thumbnail","6":"product_cat-camas","7":"disenadores-carlo-colombo","8":"sales-flash-overlay","9":"woocommerce-text-align-center","10":"woocommerce-image-align-center","11":"do-quantity-buttons","12":"wc-has-gallery","14":"first","15":"instock","16":"taxable","17":"shipping-taxable","18":"product-type-simple"},"acf":[],"_links":{"self":[{"href":"https:\/\/enlineabarcelona.com\/ca\/wp-json\/wp\/v2\/product\/17172","targetHints":{"allow":["GET"]}}],"collection":[{"href":"https:\/\/enlineabarcelona.com\/ca\/wp-json\/wp\/v2\/product"}],"about":[{"href":"https:\/\/enlineabarcelona.com\/ca\/wp-json\/wp\/v2\/types\/product"}],"replies":[{"embeddable":true,"href":"https:\/\/enlineabarcelona.com\/ca\/wp-json\/wp\/v2\/comments?post=17172"}],"wp:featuredmedia":[{"embeddable":true,"href":"https:\/\/enlineabarcelona.com\/ca\/wp-json\/wp\/v2\/media\/17176"}],"wp:attachment":[{"href":"https:\/\/enlineabarcelona.com\/ca\/wp-json\/wp\/v2\/media?parent=17172"}],"wp:term":[{"taxonomy":"product_cat","embeddable":true,"href":"https:\/\/enlineabarcelona.com\/ca\/wp-json\/wp\/v2\/product_cat?post=17172"},{"taxonomy":"product_tag","embeddable":true,"href":"https:\/\/enlineabarcelona.com\/ca\/wp-json\/wp\/v2\/product_tag?post=17172"},{"taxonomy":"disenadores","embeddable":true,"href":"https:\/\/enlineabarcelona.com\/ca\/wp-json\/wp\/v2\/disenadores?post=17172"},{"taxonomy":"marca","embeddable":true,"href":"https:\/\/enlineabarcelona.com\/ca\/wp-json\/wp\/v2\/marca?post=17172"}],"curies":[{"name":"wp","href":"https:\/\/api.w.org\/{rel}","templated":true}]}}

<p class="textBlock__subtitle">Cama de matrimonio con un diseño elegante y esencial que esconde un alma suave y acogedora.</p>
<p class="textBlock__desc">Diseño fuerte y resuelto para una cama de matrimonio cuyo carácter masculino, alejado de las líneas frías y minimalistas, está embellecido por la destacada componente textil. La cabecera suavemente acolchada, revestida como la base con tejido o piel desenfundables, crea un contraste agradable con los refinados detalles en metal situados coincidiendo con los pies de apoyo.</p>
<p class="textBlock__desc">El somier está disponible con lamas regulables o con movimiento eléctrico. Lujo y comodidad son el punto principal de una cama que ofrece proporciones perfectas, a la que añaden un mayor toque de elegancia las costuras de la cabecera realizadas de forma maestra con mano de sastre.</p>

<p>Cama de matrimonio con un diseño elegante y esencial que esconde un alma suave y acogedora. Diseño fuerte y resuelto para una cama de matrimonio cuyo carácter masculino, alejado de las líneas frías y minimalistas, está embellecido por la destacada componente textil. La cabecera suavemente acolchada, revestida como la base con tejido o piel desenfundables, &#8230; <a title="Cama Icon" class="read-more" href="https://enlineabarcelona.com/ca/producto/cama-icon/" aria-label="Més informació sobre Cama Icon">Llegiu més</a></p>
