{"id":17810,"date":"2026-01-16T09:42:48","date_gmt":"2026-01-16T09:42:48","guid":{"rendered":"https:\/\/enlineabarcelona.com\/?post_type=product&#038;p=17810"},"modified":"2026-01-16T10:48:55","modified_gmt":"2026-01-16T10:48:55","slug":"sofa-hi-lo-av54","status":"publish","type":"product","link":"https:\/\/enlineabarcelona.com\/ca\/producto\/sofa-hi-lo-av54\/","title":{"rendered":"Sof\u00e1 Hi Lo AV54"},"content":{"rendered":"<p>Reflejando una dualidad entre alto confort y una forma contenida, las proporciones generosas y la priorizaci\u00f3n del acolchado y de una tapicer\u00eda envolvente en los m\u00f3dulos Hi Lo dan lugar a un sof\u00e1 modular que envuelve al usuario.<\/p>\n","protected":false},"excerpt":{"rendered":"<p>Reflejando una dualidad entre alto confort y una forma contenida, las proporciones generosas y la priorizaci\u00f3n del acolchado y de una tapicer\u00eda envolvente en los m\u00f3dulos Hi Lo dan lugar a un sof\u00e1 modular que envuelve al usuario.<\/p>\n","protected":false},"featured_media":17826,"comment_status":"closed","ping_status":"closed","template":"","meta":{"_acf_changed":false},"product_cat":[1147],"product_tag":[],"disenadores":[1940],"marca":[1152],"class_list":{"0":"post-17810","1":"product","2":"type-product","3":"status-publish","4":"has-post-thumbnail","6":"product_cat-sofas","7":"disenadores-anderssen-voll","8":"marca-andtradition","9":"sales-flash-overlay","10":"woocommerce-text-align-center","11":"woocommerce-image-align-center","12":"do-quantity-buttons","13":"wc-has-gallery","15":"first","16":"instock","17":"taxable","18":"shipping-taxable","19":"product-type-simple"},"acf":[],"_links":{"self":[{"href":"https:\/\/enlineabarcelona.com\/ca\/wp-json\/wp\/v2\/product\/17810","targetHints":{"allow":["GET"]}}],"collection":[{"href":"https:\/\/enlineabarcelona.com\/ca\/wp-json\/wp\/v2\/product"}],"about":[{"href":"https:\/\/enlineabarcelona.com\/ca\/wp-json\/wp\/v2\/types\/product"}],"replies":[{"embeddable":true,"href":"https:\/\/enlineabarcelona.com\/ca\/wp-json\/wp\/v2\/comments?post=17810"}],"wp:featuredmedia":[{"embeddable":true,"href":"https:\/\/enlineabarcelona.com\/ca\/wp-json\/wp\/v2\/media\/17826"}],"wp:attachment":[{"href":"https:\/\/enlineabarcelona.com\/ca\/wp-json\/wp\/v2\/media?parent=17810"}],"wp:term":[{"taxonomy":"product_cat","embeddable":true,"href":"https:\/\/enlineabarcelona.com\/ca\/wp-json\/wp\/v2\/product_cat?post=17810"},{"taxonomy":"product_tag","embeddable":true,"href":"https:\/\/enlineabarcelona.com\/ca\/wp-json\/wp\/v2\/product_tag?post=17810"},{"taxonomy":"disenadores","embeddable":true,"href":"https:\/\/enlineabarcelona.com\/ca\/wp-json\/wp\/v2\/disenadores?post=17810"},{"taxonomy":"marca","embeddable":true,"href":"https:\/\/enlineabarcelona.com\/ca\/wp-json\/wp\/v2\/marca?post=17810"}],"curies":[{"name":"wp","href":"https:\/\/api.w.org\/{rel}","templated":true}]}}

Sofá Hi Lo AV54

<p>Reflejando una dualidad entre alto confort y una forma contenida, las proporciones generosas y la priorización del acolchado y de una tapicería envolvente en los módulos Hi Lo dan lugar a un sofá modular que envuelve al usuario.</p>
